{"id":197,"date":"2019-03-26T15:37:51","date_gmt":"2019-03-26T15:37:51","guid":{"rendered":"https:\/\/fuabc.org.br\/portaldatransparencia\/?page_id=197"},"modified":"2026-03-30T18:46:43","modified_gmt":"2026-03-30T18:46:43","slug":"balanco-contabil-fundacao-do-abc","status":"publish","type":"page","link":"https:\/\/fuabc.org.br\/portaldatransparencia\/balanco-contabil-fundacao-do-abc\/","title":{"rendered":"Balan\u00e7o Cont\u00e1bil | Funda\u00e7\u00e3o do ABC"},"content":{"rendered":"\n<p><a href=\"https:\/\/fuabc.org.br\/portaldatransparencia\/balanco-contabil-2024\/\">Balan\u00e7o Cont\u00e1bil | 2024<\/a><\/p>\n\n\n\n<p><a href=\"https:\/\/fuabc.org.br\/portaldatransparencia\/balanco-contabil-2023\/\">Balan\u00e7o Cont\u00e1bil | 2023<\/a><\/p>\n\n\n\n<p><a href=\"https:\/\/fuabc.org.br\/portaldatransparencia\/balanco-contabil-2022\/\">Balan\u00e7o Cont\u00e1bil | 2022<\/a><\/p>\n\n\n\n<p><a href=\"https:\/\/fuabc.org.br\/portaldatransparencia\/balanco-contabil-2021\/\">Balan\u00e7o Cont\u00e1bil | 2021<\/a><\/p>\n\n\n\n<p><a href=\"https:\/\/fuabc.org.br\/portaldatransparencia\/balanco-contabil-2020\/\">Balan\u00e7o Cont\u00e1bil | 2020<\/a><\/p>\n\n\n\n<p><a href=\"https:\/\/fuabc.org.br\/portaldatransparencia\/wp-content\/uploads\/2020\/05\/balanco_contabil_fuabc_2019.pdf\" target=\"_blank\" rel=\"noreferrer noopener\">Balan\u00e7o Cont\u00e1bil | 2019<\/a><\/p>\n\n\n\n<p><a href=\"https:\/\/fuabc.org.br\/portaldatransparencia\/wp-content\/uploads\/arquivos\/balanco_contabil\/balanco_contabil_2018_fuabc.pdf\" target=\"_blank\" rel=\"noreferrer noopener\">Balan\u00e7o Cont\u00e1bil | 2018<\/a><\/p>\n\n\n\n<p><a href=\"https:\/\/fuabc.org.br\/portaldatransparencia\/wp-content\/uploads\/arquivos\/balanco_contabil\/balanco_contabil_2017.pdf\" target=\"_blank\" rel=\"noreferrer noopener\">Balan\u00e7o Cont\u00e1bil | 2017<\/a><\/p>\n\n\n\n<p><a href=\"https:\/\/fuabc.org.br\/portaldatransparencia\/wp-content\/uploads\/arquivos\/balanco_contabil\/balanco_contabil_2016.pdf\" target=\"_blank\" rel=\"noreferrer noopener\">Balan\u00e7o Cont\u00e1bil | 2016<\/a><\/p>\n\n\n\n<p><a href=\"https:\/\/fuabc.org.br\/portaldatransparencia\/wp-content\/uploads\/arquivos\/balanco_contabil\/balanco_contabil_2015.pdf\" target=\"_blank\" rel=\"noreferrer noopener\">Balan\u00e7o Cont\u00e1bil | 2015<\/a><\/p>\n\n\n\n<p><a href=\"https:\/\/fuabc.org.br\/portaldatransparencia\/wp-content\/uploads\/arquivos\/balanco_contabil\/balanco_contabil_2014.pdf\" target=\"_blank\" rel=\"noreferrer noopener\">Balan\u00e7o Cont\u00e1bil | 2014<\/a><\/p>\n\n\n\n<p><a href=\"https:\/\/fuabc.org.br\/portaldatransparencia\/wp-content\/uploads\/arquivos\/balanco_contabil\/balanco_contabil_2013.pdf\" target=\"_blank\" rel=\"noreferrer noopener\">Balan\u00e7o Cont\u00e1bil | 2013<\/a><\/p>\n\n\n\n<p><a href=\"https:\/\/fuabc.org.br\/portaldatransparencia\/wp-content\/uploads\/arquivos\/balanco_contabil\/balanco_contabil_2012.pdf\" target=\"_blank\" rel=\"noreferrer noopener\">Balan\u00e7o Cont\u00e1bil | 2012<\/a><\/p>\n\n\n\n<p><a href=\"https:\/\/fuabc.org.br\/portaldatransparencia\/wp-content\/uploads\/arquivos\/balanco_contabil\/balanco_contabil_2011.pdf\" target=\"_blank\" rel=\"noreferrer noopener\">Balan\u00e7o Cont\u00e1bil | 2011<\/a><\/p>\n","protected":false},"excerpt":{"rendered":"<p>Balan\u00e7o Cont\u00e1bil | 2024 Balan\u00e7o Cont\u00e1bil | 2023 Balan\u00e7o Cont\u00e1bil | 2022 Balan\u00e7o Cont\u00e1bil | 2021 Balan\u00e7o Cont\u00e1bil | 2020 Balan\u00e7o Cont\u00e1bil | 2019 Balan\u00e7o Cont\u00e1bil | 2018 Balan\u00e7o Cont\u00e1bil | 2017 Balan\u00e7o Cont\u00e1bil | 2016 Balan\u00e7o Cont\u00e1bil | 2015 Balan\u00e7o Cont\u00e1bil | 2014 Balan\u00e7o Cont\u00e1bil | 2013 Balan\u00e7o Cont\u00e1bil | 2012 Balan\u00e7o Cont\u00e1bil | 2011<\/p>\n","protected":false},"author":1,"featured_media":0,"parent":0,"menu_order":0,"comment_status":"closed","ping_status":"closed","template":"template-home.php","meta":{"_acf_changed":false,"footnotes":""},"class_list":["post-197","page","type-page","status-publish","hentry"],"acf":[],"_links":{"self":[{"href":"https:\/\/fuabc.org.br\/portaldatransparencia\/wp-json\/wp\/v2\/pages\/197","targetHints":{"allow":["GET"]}}],"collection":[{"href":"https:\/\/fuabc.org.br\/portaldatransparencia\/wp-json\/wp\/v2\/pages"}],"about":[{"href":"https:\/\/fuabc.org.br\/portaldatransparencia\/wp-json\/wp\/v2\/types\/page"}],"author":[{"embeddable":true,"href":"https:\/\/fuabc.org.br\/portaldatransparencia\/wp-json\/wp\/v2\/users\/1"}],"replies":[{"embeddable":true,"href":"https:\/\/fuabc.org.br\/portaldatransparencia\/wp-json\/wp\/v2\/comments?post=197"}],"version-history":[{"count":15,"href":"https:\/\/fuabc.org.br\/portaldatransparencia\/wp-json\/wp\/v2\/pages\/197\/revisions"}],"predecessor-version":[{"id":29509,"href":"https:\/\/fuabc.org.br\/portaldatransparencia\/wp-json\/wp\/v2\/pages\/197\/revisions\/29509"}],"wp:attachment":[{"href":"https:\/\/fuabc.org.br\/portaldatransparencia\/wp-json\/wp\/v2\/media?parent=197"}],"curies":[{"name":"wp","href":"https:\/\/api.w.org\/{rel}","templated":true}]}}