{"id":220,"date":"2019-03-26T18:23:49","date_gmt":"2019-03-26T18:23:49","guid":{"rendered":"https:\/\/fuabc.org.br\/portaldatransparencia\/?page_id=220"},"modified":"2025-06-27T15:41:46","modified_gmt":"2025-06-27T15:41:46","slug":"portal-da-transparencia-fundacao-do-abc","status":"publish","type":"page","link":"https:\/\/fuabc.org.br\/portaldatransparencia\/","title":{"rendered":"Portal da Transpar\u00eancia | Funda\u00e7\u00e3o do ABC"},"content":{"rendered":"\n<p>Visando garantir a todos os cidad\u00e3os o acesso \u00e0 informa\u00e7\u00e3o p\u00fablica, a Funda\u00e7\u00e3o do ABC divulga em seu Portal da Transpar\u00eancia, independentemente de solicita\u00e7\u00e3o, informa\u00e7\u00f5es de interesse geral ou coletivo.<br><br>O Portal da Transpar\u00eancia \u00e9 uma ferramenta destinada, justamente, a facilitar o acesso da popula\u00e7\u00e3o, de forma atualizada, a dados e informa\u00e7\u00f5es sobre os trabalhos desenvolvidos pela Funda\u00e7\u00e3o do ABC.<br><br>Entre as informa\u00e7\u00f5es dispon\u00edveis na plataforma est\u00e3o o Estatuto, Regimento Interno, Regulamento de Compras, Relat\u00f3rio de Gest\u00e3o\/Atividades (anual), Balan\u00e7o Cont\u00e1bil (anual), Plano de Cargos e Sal\u00e1rios, Rela\u00e7\u00e3o Nominal de Dirigentes e o detalhamento de cada unidade gerenciada pela Funda\u00e7\u00e3o do ABC, com dados mensais sobre cargos e sal\u00e1rios, valores recebidos, pagamentos efetuados a fornecedores e prestadores de servi\u00e7o Pessoa Jur\u00eddica, pagamentos a prestadores de servi\u00e7os Pessoa F\u00edsica, al\u00e9m de balancetes mensais e contratos de gest\u00e3o.<br><br>Por fim, a Funda\u00e7\u00e3o do ABC informa que o Portal da Transpar\u00eancia \u00e9 aperfei\u00e7oado constantemente, conforme sugest\u00f5es dos usu\u00e1rios, orienta\u00e7\u00f5es e apontamentos do Minist\u00e9rio P\u00fablico, Tribunal de Contas do Estado e demais \u00f3rg\u00e3os de fiscaliza\u00e7\u00e3o. As informa\u00e7\u00f5es s\u00e3o atualizadas mensalmente. No \u00faltimo dia do m\u00eas corrente, o Portal \u00e9 abastecido com os dados do m\u00eas anterior (exceto em finais de semana e feriados).<\/p>\n\n\n\n<div style=\"height:30px\" aria-hidden=\"true\" class=\"wp-block-spacer\"><\/div>\n\n\n\n<div class=\"wp-block-buttons is-content-justification-left is-nowrap is-layout-flex wp-container-core-buttons-is-layout-f56a869c wp-block-buttons-is-layout-flex\">\n<div class=\"wp-block-button has-custom-width wp-block-button__width-75 has-custom-font-size is-style-fill has-small-font-size\"><a class=\"wp-block-button__link has-white-color has-vivid-green-cyan-background-color has-text-color has-background wp-element-button\" href=\"https:\/\/fuabc.org.br\/portaldatransparencia\/regimento-interno-fundacao-do-abc\/\" style=\"border-radius:10px\">Regimento Interno<\/a><\/div>\n<\/div>\n\n\n\n<div style=\"height:10px\" aria-hidden=\"true\" class=\"wp-block-spacer\"><\/div>\n\n\n\n<div class=\"wp-block-buttons is-layout-flex wp-block-buttons-is-layout-flex\">\n<div class=\"wp-block-button has-custom-width wp-block-button__width-75 has-custom-font-size has-small-font-size\"><a class=\"wp-block-button__link has-vivid-cyan-blue-background-color has-background wp-element-button\" href=\"https:\/\/fuabc.org.br\/portaldatransparencia\/estatuto-fundacao-do-abc\/\" style=\"border-radius:9px\">Estatuto<\/a><\/div>\n<\/div>\n\n\n\n<div style=\"height:10px\" aria-hidden=\"true\" class=\"wp-block-spacer\"><\/div>\n\n\n\n<div class=\"wp-block-buttons is-layout-flex wp-block-buttons-is-layout-flex\">\n<div class=\"wp-block-button has-custom-width wp-block-button__width-75 has-custom-font-size has-small-font-size\"><a class=\"wp-block-button__link has-white-color has-vivid-green-cyan-background-color has-text-color has-background wp-element-button\" href=\"https:\/\/fuabc.org.br\/programa-de-integridade\/\" style=\"border-radius:9px\">Programa de Integridade<\/a><\/div>\n<\/div>\n\n\n\n<div style=\"height:10px\" aria-hidden=\"true\" class=\"wp-block-spacer\"><\/div>\n\n\n\n<div class=\"wp-block-buttons is-layout-flex wp-block-buttons-is-layout-flex\">\n<div class=\"wp-block-button has-custom-width wp-block-button__width-75 has-custom-font-size has-small-font-size\"><a class=\"wp-block-button__link has-white-color has-vivid-cyan-blue-background-color has-text-color has-background wp-element-button\" href=\"https:\/\/fuabc.org.br\/codigodecondutaetica\/\" style=\"border-radius:9px\">C\u00f3digo de Conduta \u00c9tica<\/a><\/div>\n<\/div>\n\n\n\n<div style=\"height:10px\" aria-hidden=\"true\" class=\"wp-block-spacer\"><\/div>\n\n\n\n<div class=\"wp-block-buttons is-layout-flex wp-block-buttons-is-layout-flex\">\n<div class=\"wp-block-button has-custom-width wp-block-button__width-75 has-custom-font-size has-small-font-size\"><a class=\"wp-block-button__link has-white-color has-vivid-green-cyan-background-color has-text-color has-background wp-element-button\" href=\"https:\/\/fuabc.org.br\/comunicacao\/regulamento-de-compras\/\" style=\"border-radius:9px\">Regulamento de Compras e Contrata\u00e7\u00e3o de Servi\u00e7os<\/a><\/div>\n<\/div>\n\n\n\n<div style=\"height:10px\" aria-hidden=\"true\" class=\"wp-block-spacer\"><\/div>\n\n\n\n<div class=\"wp-block-buttons is-layout-flex wp-block-buttons-is-layout-flex\">\n<div class=\"wp-block-button has-custom-width wp-block-button__width-75 has-custom-font-size has-small-font-size\"><a class=\"wp-block-button__link has-white-color has-vivid-cyan-blue-background-color has-text-color has-background wp-element-button\" href=\"https:\/\/fuabc.org.br\/portaldatransparencia\/balanco-social-fundacao-do-abc\/\" style=\"border-radius:9px\">Relat\u00f3rios de Gest\u00e3o | Atividades (Anual)<\/a><\/div>\n<\/div>\n\n\n\n<div style=\"height:10px\" aria-hidden=\"true\" class=\"wp-block-spacer\"><\/div>\n\n\n\n<div class=\"wp-block-buttons is-layout-flex wp-block-buttons-is-layout-flex\">\n<div class=\"wp-block-button has-custom-width wp-block-button__width-75 has-custom-font-size has-small-font-size\"><a class=\"wp-block-button__link has-white-color has-vivid-green-cyan-background-color has-text-color has-background wp-element-button\" href=\"https:\/\/fuabc.org.br\/portaldatransparencia\/balanco-contabil-fundacao-do-abc\/\" style=\"border-radius:9px\">Balan\u00e7o Cont\u00e1bil (Anual)<\/a><\/div>\n<\/div>\n\n\n\n<div style=\"height:10px\" aria-hidden=\"true\" class=\"wp-block-spacer\"><\/div>\n\n\n\n<div class=\"wp-block-buttons is-layout-flex wp-block-buttons-is-layout-flex\">\n<div class=\"wp-block-button has-custom-width wp-block-button__width-75 has-custom-font-size has-small-font-size\"><a class=\"wp-block-button__link has-white-color has-vivid-cyan-blue-background-color has-text-color has-background wp-element-button\" href=\"https:\/\/fuabc.org.br\/portaldatransparencia\/unidades-da-fundacao-do-abc\/\" style=\"border-radius:9px\">Detalhamento por Unidade<\/a><\/div>\n<\/div>\n\n\n\n<div style=\"height:10px\" aria-hidden=\"true\" class=\"wp-block-spacer\"><\/div>\n\n\n\n<div class=\"wp-block-buttons is-layout-flex wp-block-buttons-is-layout-flex\">\n<div class=\"wp-block-button has-custom-width wp-block-button__width-75 has-custom-font-size has-small-font-size\"><a class=\"wp-block-button__link has-vivid-green-cyan-background-color has-background wp-element-button\" href=\"https:\/\/fuabc.org.br\/portaldatransparencia\/wp-content\/uploads\/2020\/05\/Regulamento-de-RH-FUABC-e-Mantidas.pdf\" style=\"border-radius:9px\">Regulamento Interno de RH e de Contrata\u00e7\u00e3o de Pessoal<\/a><\/div>\n<\/div>\n\n\n\n<div style=\"height:10px\" aria-hidden=\"true\" class=\"wp-block-spacer\"><\/div>\n\n\n\n<div class=\"wp-block-buttons is-layout-flex wp-block-buttons-is-layout-flex\">\n<div class=\"wp-block-button has-custom-width wp-block-button__width-75 has-custom-font-size has-small-font-size\"><a class=\"wp-block-button__link has-white-color has-vivid-cyan-blue-background-color has-text-color has-background wp-element-button\" href=\"https:\/\/fuabc.org.br\/portaldatransparencia\/dirigentes-fundacao-do-abc\/\" style=\"border-radius:9px\">Rela\u00e7\u00e3o Nominal de Dirigentes e Organograma<\/a><\/div>\n<\/div>\n\n\n\n<div style=\"height:10px\" aria-hidden=\"true\" class=\"wp-block-spacer\"><\/div>\n\n\n\n<div class=\"wp-block-buttons is-layout-flex wp-block-buttons-is-layout-flex\">\n<div class=\"wp-block-button has-custom-width wp-block-button__width-75 has-custom-font-size has-small-font-size\"><a class=\"wp-block-button__link has-white-color has-vivid-green-cyan-background-color has-text-color has-background wp-element-button\" href=\"http:\/\/fuabc.org.br\/quem-somos\/conselho-curador\/\" style=\"border-radius:9px\">Conselho Curador<\/a><\/div>\n<\/div>\n\n\n\n<div style=\"height:10px\" aria-hidden=\"true\" class=\"wp-block-spacer\"><\/div>\n\n\n\n<div class=\"wp-block-buttons is-layout-flex wp-block-buttons-is-layout-flex\">\n<div class=\"wp-block-button has-custom-width wp-block-button__width-75 has-custom-font-size has-small-font-size\"><a class=\"wp-block-button__link has-white-color has-vivid-cyan-blue-background-color has-text-color has-background wp-element-button\" href=\"https:\/\/fuabc.org.br\/lei-de-acesso-a-informacao\/\" style=\"border-radius:9px\">Lei de Acesso \u00e0 Informa\u00e7\u00e3o \u2013 LAI<\/a><\/div>\n<\/div>\n\n\n\n<div style=\"height:10px\" aria-hidden=\"true\" class=\"wp-block-spacer\"><\/div>\n\n\n\n<div class=\"wp-block-buttons is-layout-flex wp-block-buttons-is-layout-flex\">\n<div class=\"wp-block-button has-custom-width wp-block-button__width-75 has-custom-font-size has-small-font-size\"><a class=\"wp-block-button__link has-white-color has-vivid-green-cyan-background-color has-text-color has-background wp-element-button\" href=\"https:\/\/fuabc.org.br\/portaldatransparencia\/tac-termo-de-ajustamento-de-conduta\/\" style=\"border-radius:9px\">Termo de Ajustamento de Conduta \u2013 TAC<\/a><\/div>\n<\/div>\n\n\n\n<div style=\"height:10px\" aria-hidden=\"true\" class=\"wp-block-spacer\"><\/div>\n\n\n\n<div class=\"wp-block-buttons is-layout-flex wp-block-buttons-is-layout-flex\">\n<div class=\"wp-block-button has-custom-width wp-block-button__width-75 has-custom-font-size has-small-font-size\"><a class=\"wp-block-button__link has-white-color has-vivid-cyan-blue-background-color has-text-color has-background wp-element-button\" href=\"https:\/\/fuabc.org.br\/portaldatransparencia\/wp-content\/uploads\/arquivos\/fuabc\/Criterio-Rateio-Despesas-Administrativas-FUABC.pdf\" style=\"border-radius:9px\">Metodologia de Rateio de Despesas Administrativas<\/a><\/div>\n<\/div>\n\n\n\n<div style=\"height:10px\" aria-hidden=\"true\" class=\"wp-block-spacer\"><\/div>\n\n\n\n<div class=\"wp-block-buttons is-layout-flex wp-block-buttons-is-layout-flex\">\n<div class=\"wp-block-button has-custom-width wp-block-button__width-75 has-custom-font-size has-small-font-size\"><a class=\"wp-block-button__link has-white-color has-vivid-green-cyan-background-color has-text-color has-background wp-element-button\" href=\"https:\/\/fuabc.org.br\/fale-conosco\/\" style=\"border-radius:9px\">Contatos, Endere\u00e7os e Hor\u00e1rios das Unidades<\/a><\/div>\n<\/div>\n\n\n\n<div style=\"height:10px\" aria-hidden=\"true\" class=\"wp-block-spacer\"><\/div>\n\n\n\n<div class=\"wp-block-buttons is-layout-flex wp-block-buttons-is-layout-flex\">\n<div class=\"wp-block-button has-custom-width wp-block-button__width-75 has-custom-font-size has-small-font-size\"><a class=\"wp-block-button__link has-white-color has-vivid-cyan-blue-background-color has-text-color has-background wp-element-button\" href=\"https:\/\/fuabc.org.br\/lei-de-acesso-a-informacao\/\" style=\"border-radius:9px\">Acompanhamento de Pedidos | Relat\u00f3rio de Informa\u00e7\u00f5es Solicitadas (LAI)<\/a><\/div>\n<\/div>\n\n\n\n<div style=\"height:10px\" aria-hidden=\"true\" class=\"wp-block-spacer\"><\/div>\n\n\n\n<div class=\"wp-block-buttons is-layout-flex wp-block-buttons-is-layout-flex\">\n<div class=\"wp-block-button has-custom-width wp-block-button__width-75 has-custom-font-size has-small-font-size\"><a class=\"wp-block-button__link has-white-color has-vivid-green-cyan-background-color has-text-color has-background wp-element-button\" href=\"https:\/\/fuabc.org.br\/portaldatransparencia\/fale-conosco-portal-da-transparencia\/\" style=\"border-radius:9px\">Fale Conosco<\/a><\/div>\n<\/div>\n\n\n\n<div style=\"height:10px\" aria-hidden=\"true\" class=\"wp-block-spacer\"><\/div>\n\n\n\n<div class=\"wp-block-buttons is-layout-flex wp-block-buttons-is-layout-flex\">\n<div class=\"wp-block-button has-custom-width wp-block-button__width-75 has-custom-font-size has-small-font-size\"><a class=\"wp-block-button__link has-white-color has-vivid-cyan-blue-background-color has-text-color has-background wp-element-button\" href=\"https:\/\/fuabc.org.br\/portaldatransparencia\/perguntas-frequentes\/\" style=\"border-radius:9px\">Perguntas Frequentes<\/a><\/div>\n<\/div>\n\n\n\n<div style=\"height:10px\" aria-hidden=\"true\" class=\"wp-block-spacer\"><\/div>\n\n\n\n<div style=\"height:10px\" aria-hidden=\"true\" class=\"wp-block-spacer\"><\/div>\n\n\n\n<p><\/p>\n","protected":false},"excerpt":{"rendered":"<p>Visando garantir a todos os cidad\u00e3os o acesso \u00e0 informa\u00e7\u00e3o p\u00fablica, a Funda\u00e7\u00e3o do ABC divulga em seu Portal da Transpar\u00eancia, independentemente de solicita\u00e7\u00e3o, informa\u00e7\u00f5es de interesse geral ou coletivo. O Portal da Transpar\u00eancia \u00e9 uma ferramenta destinada, justamente, a facilitar o acesso da popula\u00e7\u00e3o, de forma atualizada, a dados e informa\u00e7\u00f5es sobre os trabalhos desenvolvidos pela Funda\u00e7\u00e3o do ABC. Entre as informa\u00e7\u00f5es dispon\u00edveis na plataforma est\u00e3o o Estatuto, Regimento Interno, Regulamento de Compras, Relat\u00f3rio de Gest\u00e3o\/Atividades (anual), Balan\u00e7o Cont\u00e1bil (anual), Plano de Cargos e Sal\u00e1rios, Rela\u00e7\u00e3o Nominal de Dirigentes e o detalhamento de cada unidade gerenciada pela Funda\u00e7\u00e3o do ABC, com dados mensais sobre cargos e sal\u00e1rios, valores recebidos, pagamentos efetuados a fornecedores e prestadores de servi\u00e7o Pessoa Jur\u00eddica, pagamentos a prestadores de servi\u00e7os Pessoa F\u00edsica, al\u00e9m de balancetes mensais e contratos de gest\u00e3o. Por fim, a Funda\u00e7\u00e3o do ABC informa que o Portal da Transpar\u00eancia \u00e9 aperfei\u00e7oado constantemente, [&hellip;]<\/p>\n","protected":false},"author":1,"featured_media":0,"parent":0,"menu_order":0,"comment_status":"closed","ping_status":"closed","template":"template-home.php","meta":{"_acf_changed":false,"footnotes":""},"class_list":["post-220","page","type-page","status-publish","hentry"],"acf":[],"_links":{"self":[{"href":"https:\/\/fuabc.org.br\/portaldatransparencia\/wp-json\/wp\/v2\/pages\/220","targetHints":{"allow":["GET"]}}],"collection":[{"href":"https:\/\/fuabc.org.br\/portaldatransparencia\/wp-json\/wp\/v2\/pages"}],"about":[{"href":"https:\/\/fuabc.org.br\/portaldatransparencia\/wp-json\/wp\/v2\/types\/page"}],"author":[{"embeddable":true,"href":"https:\/\/fuabc.org.br\/portaldatransparencia\/wp-json\/wp\/v2\/users\/1"}],"replies":[{"embeddable":true,"href":"https:\/\/fuabc.org.br\/portaldatransparencia\/wp-json\/wp\/v2\/comments?post=220"}],"version-history":[{"count":17,"href":"https:\/\/fuabc.org.br\/portaldatransparencia\/wp-json\/wp\/v2\/pages\/220\/revisions"}],"predecessor-version":[{"id":25369,"href":"https:\/\/fuabc.org.br\/portaldatransparencia\/wp-json\/wp\/v2\/pages\/220\/revisions\/25369"}],"wp:attachment":[{"href":"https:\/\/fuabc.org.br\/portaldatransparencia\/wp-json\/wp\/v2\/media?parent=220"}],"curies":[{"name":"wp","href":"https:\/\/api.w.org\/{rel}","templated":true}]}}