{"id":29501,"date":"2026-03-30T18:43:39","date_gmt":"2026-03-30T18:43:39","guid":{"rendered":"https:\/\/fuabc.org.br\/portaldatransparencia\/?page_id=29501"},"modified":"2026-03-30T19:00:29","modified_gmt":"2026-03-30T19:00:29","slug":"balanco-contabil-2022","status":"publish","type":"page","link":"https:\/\/fuabc.org.br\/portaldatransparencia\/balanco-contabil-2022\/","title":{"rendered":"Balan\u00e7o Cont\u00e1bil | 2022"},"content":{"rendered":"\n<p><a href=\"https:\/\/fuabc.org.br\/portaldatransparencia\/wp-content\/uploads\/2023\/06\/balanco_contabil_2022_retificado.pdf\">Balan\u00e7o Cont\u00e1bil | 2022<\/a><\/p>\n\n\n\n<div style=\"height:14px\" aria-hidden=\"true\" class=\"wp-block-spacer\"><\/div>\n\n\n\n<p><strong>Publica\u00e7\u00e3o Oficial da Prefeitura do Munic\u00edpio de S\u00e3o Bernardo do Campo<\/strong><br>28 DE ABRIL DE 2023 &#8211; Sexta-feira &#8211; Edi\u00e7\u00e3o N\u00ba 2361.<br><a href=\"https:\/\/www.saobernardo.sp.gov.br\/documents\/10181\/1598718\/NM+2361++de+28.04.2023+-++Conte%C3%BAdo+Integral.pdf\/b4172f7d-86f3-2872-069c-4e1ba394830e\">https:\/\/www.saobernardo.sp.gov.br\/documents\/10181\/1598718\/NM+2361++de+28.04.2023+-++Conte%C3%BAdo+Integral.pdf\/b4172f7d-86f3-2872-069c-4e1ba394830e<\/a><\/p>\n\n\n\n<div style=\"height:14px\" aria-hidden=\"true\" class=\"wp-block-spacer\"><\/div>\n\n\n\n<p><strong>Di\u00e1rio Oficial Eletr\u00f4nico do Munic\u00edpio de S\u00e3o Caetano do Sul<\/strong><br>Edi\u00e7\u00e3o\u00a01558\u00a0&#8211;\u00a028\/04\/2023\u00a0(Sexta-Feira).<br><a href=\"https:\/\/diariooficial.saocaetanodosul.sp.gov.br\/download\/VisualizadorDocumento.aspx?docID=1620\">https:\/\/diariooficial.saocaetanodosul.sp.gov.br\/download\/VisualizadorDocumento.aspx?docID=1620<\/a><\/p>\n","protected":false},"excerpt":{"rendered":"<p>Balan\u00e7o Cont\u00e1bil | 2022 Publica\u00e7\u00e3o Oficial da Prefeitura do Munic\u00edpio de S\u00e3o Bernardo do Campo28 DE ABRIL DE 2023 &#8211; Sexta-feira &#8211; Edi\u00e7\u00e3o N\u00ba 2361.https:\/\/www.saobernardo.sp.gov.br\/documents\/10181\/1598718\/NM+2361++de+28.04.2023+-++Conte%C3%BAdo+Integral.pdf\/b4172f7d-86f3-2872-069c-4e1ba394830e Di\u00e1rio Oficial Eletr\u00f4nico do Munic\u00edpio de S\u00e3o Caetano do SulEdi\u00e7\u00e3o\u00a01558\u00a0&#8211;\u00a028\/04\/2023\u00a0(Sexta-Feira).https:\/\/diariooficial.saocaetanodosul.sp.gov.br\/download\/VisualizadorDocumento.aspx?docID=1620<\/p>\n","protected":false},"author":1,"featured_media":0,"parent":0,"menu_order":0,"comment_status":"closed","ping_status":"closed","template":"template-portal.php","meta":{"_acf_changed":false,"footnotes":""},"class_list":["post-29501","page","type-page","status-publish","hentry"],"acf":[],"_links":{"self":[{"href":"https:\/\/fuabc.org.br\/portaldatransparencia\/wp-json\/wp\/v2\/pages\/29501","targetHints":{"allow":["GET"]}}],"collection":[{"href":"https:\/\/fuabc.org.br\/portaldatransparencia\/wp-json\/wp\/v2\/pages"}],"about":[{"href":"https:\/\/fuabc.org.br\/portaldatransparencia\/wp-json\/wp\/v2\/types\/page"}],"author":[{"embeddable":true,"href":"https:\/\/fuabc.org.br\/portaldatransparencia\/wp-json\/wp\/v2\/users\/1"}],"replies":[{"embeddable":true,"href":"https:\/\/fuabc.org.br\/portaldatransparencia\/wp-json\/wp\/v2\/comments?post=29501"}],"version-history":[{"count":2,"href":"https:\/\/fuabc.org.br\/portaldatransparencia\/wp-json\/wp\/v2\/pages\/29501\/revisions"}],"predecessor-version":[{"id":29513,"href":"https:\/\/fuabc.org.br\/portaldatransparencia\/wp-json\/wp\/v2\/pages\/29501\/revisions\/29513"}],"wp:attachment":[{"href":"https:\/\/fuabc.org.br\/portaldatransparencia\/wp-json\/wp\/v2\/media?parent=29501"}],"curies":[{"name":"wp","href":"https:\/\/api.w.org\/{rel}","templated":true}]}}