{"id":3418,"date":"2020-05-08T17:38:44","date_gmt":"2020-05-08T17:38:44","guid":{"rendered":"https:\/\/fuabc.org.br\/portaldatransparencia\/?page_id=3418"},"modified":"2025-06-18T15:20:56","modified_gmt":"2025-06-18T15:20:56","slug":"enderecos-telefones-e-horarios-das-unidades","status":"publish","type":"page","link":"https:\/\/fuabc.org.br\/portaldatransparencia\/enderecos-telefones-e-horarios-das-unidades\/","title":{"rendered":"Endere\u00e7os, Telefones e Hor\u00e1rios das Unidades"},"content":{"rendered":"\n<p><strong>FUNDA\u00c7\u00c3O DO ABC (MANTENEDORA)<\/strong><br>Av. Lauro Gomes, 2000. Bairro Vila Sacadura Cabral. Santo Andr\u00e9 (SP). CEP: 09060-870.<br>Hor\u00e1rio de atendimento: segunda a sexta-feira, das 8h \u00e0s 17h (exceto feriados).<br>Tel.: (11) 2666-5400.<\/p>\n\n\n\n<div style=\"height:20px\" aria-hidden=\"true\" class=\"wp-block-spacer\"><\/div>\n\n\n\n<hr class=\"wp-block-separator\"\/>\n\n\n\n<div style=\"height:20px\" aria-hidden=\"true\" class=\"wp-block-spacer\"><\/div>\n\n\n\n<p><strong>AME MAU\u00c1<\/strong><br>Rua Prof. Am\u00e9rico Perrella, 171. Centro &#8211; Mau\u00e1 (SP). CEP: 09390-030.<br>Atendimento (Setor Administrativo): segunda a sexta-feira, das 8h \u00e0s 17h (exceto feriados).<br>Tel.: (11) 4542-7440<\/p>\n\n\n\n<p>.<\/p>\n\n\n\n<p><strong>AME PRAIA GRANDE<\/strong><br>Rua Walter Jos\u00e9 Alves, 485. Bairro Vila Mirim &#8211; Praia Grande (SP). CEP: 11705-010.<br>Atendimento (Setor Administrativo): segunda a sexta-feira, das 8h \u00e0s 17h (exceto feriados).<br>Tel.: (13) 3496-1700.<\/p>\n\n\n\n<p>.<\/p>\n\n\n\n<p><strong>AME SANTO ANDR\u00c9<\/strong><br>Av. Capit\u00e3o M\u00e1rio de Toledo Camargo, 3330. Vila Luzita &#8211; Santo Andr\u00e9 (SP). CEP: 09171-125.<br>Atendimento (Setor Administrativo): segunda a sexta-feira, das 8h \u00e0s 17h (exceto feriados).<br>Tel.: (11) 4454-6100.<\/p>\n\n\n\n<p>.<\/p>\n\n\n\n<p><strong>AME SANTOS<br><\/strong>Rua Alexandre Martins, 70, Bairro Aparecida &#8211; Santos \/ SP. CEP: 11025-200.<br>Atendimento (Setor Administrativo): segunda a sexta-feira, das 8h \u00e0s 17h (exceto feriados).<br>Tel.: (13) 3278-7700.<\/p>\n\n\n\n<p>.<\/p>\n\n\n\n<p><strong>AME SOROCABA<br><\/strong>Rua Guaicurus, 411, Bairro Mangal &#8211; Sorocaba \/ SP. CEP: 18040-426.<br>Atendimento (Setor Administrativo): segunda a sexta-feira, das 8h \u00e0s 17h (exceto feriados).<br>Tel.: (15) 3321-0170.<\/p>\n\n\n\n<p>.<\/p>\n\n\n\n<p><strong>AME ITAPEVI<\/strong><br>Av. Presidente Vargas, 215. Jd. Nova Itapevi \u2013 Itapevi (SP). CEP: 06694-000.<br>Atendimento (Setor Administrativo): segunda a sexta-feira, das 8h \u00e0s 17h (exceto feriados).<br>Tel.: (11) 4084-3300.<\/p>\n\n\n\n<p>.<\/p>\n\n\n\n<p><strong>CENTRAL DE CONV\u00caNIOS (SEDE ADMINISTRATIVA)<\/strong><br>Av. Lauro Gomes, 2000. Bairro Vila Sacadura Cabral &#8211; Santo Andr\u00e9 (SP). CEP: 09060-870.<br>Atendimento (Setor Administrativo): segunda a sexta-feira, das 8h \u00e0s 17h (exceto feriados).<br>Tel.: (11) 2666-5400.<\/p>\n\n\n\n<p>.<\/p>\n\n\n\n<p><strong>CENTRO HOSPITALAR DO SISTEMA PENITENCI\u00c1RIO (CHSP)<\/strong><br>Rua Dom Jos\u00e9 Maur\u00edcio, 15. Bairro Carandiru &#8211; S\u00e3o Paulo (SP). CEP: 02027-000.<br>Atendimento (Setor Administrativo): segunda a sexta-feira, das 8h \u00e0s 17h (exceto feriados).<br>Tel.: (11) 3581-3700.<\/p>\n\n\n\n<p>.<\/p>\n\n\n\n<p><strong>CENTRO UNIVERSIT\u00c1RIO FMABC \/ FACULDADE DE MEDICINA DO ABC<\/strong><br>Av. Lauro Gomes, 2000. Bairro Vila Sacadura Cabral &#8211; Santo Andr\u00e9 (SP). CEP: 09060-870.<br>Atendimento (Setor Administrativo): segunda a sexta-feira, das 8h \u00e0s 17h (exceto feriados).<br>Tel.: (11) 4993-5400.<\/p>\n\n\n\n<p>.<\/p>\n\n\n\n<p><strong>COMPLEXO DE SA\u00daDE DE S\u00c3O BERNARDO<\/strong><br>Estrada dos Alvarengas, 1001. Bairro Alvarenga &#8211; S\u00e3o Bernardo do Campo (SP). CEP: 09850-550.<br>Atendimento (Setor Administrativo): segunda a sexta-feira, das 8h \u00e0s 17h (exceto feriados).<br>Tel.: 4353-1500.<\/p>\n\n\n\n<p>.<\/p>\n\n\n\n<p><strong>COMPLEXO HOSPITALAR DE S\u00c3O CAETANO<\/strong><br>Rua S\u00e3o Paulo, 1840, 4\u00ba andar. Bairro Santa Paula &#8211; S\u00e3o Caetano do Sul (SP). CEP: 09541-100.<br>Atendimento (Setor Administrativo): segunda a sexta-feira, das 8h \u00e0s 17h (exceto feriados).<br>Tel.: (11) 4228-8000.<\/p>\n\n\n\n<p>.<\/p>\n\n\n\n<p><strong>CONTRATO DE GEST\u00c3O S\u00c3O MATEUS\/SP<\/strong><br>Rua Su\u00ed\u00e7a, 95. Parque das Na\u00e7\u00f5es &#8211; Santo Andr\u00e9 (SP). CEP: 09210-000.<br>Atendimento (Setor Administrativo): segunda a sexta-feira, das 8h \u00e0s 17h (exceto feriados).<br>Tel.: (11) 4997-2498 \/ 4997-5131 \/ 4462-1018.<\/p>\n\n\n\n<p>.<\/p>\n\n\n\n<p><strong>HOSPITAL DA MULHER DE SANTO ANDR\u00c9<\/strong><br>Rua Am\u00e9rica do Sul, 285. Parque Novo Orat\u00f3rio &#8211; Santo Andr\u00e9 (SP) &#8211; CEP:09270-410.<br>Atendimento (Setor Administrativo): segunda a sexta-feira, das 8h \u00e0s 17h (exceto feriados).<br>Tel.: (11) 4478-5000.<\/p>\n\n\n\n<p>.<\/p>\n\n\n\n<p><strong>HOSPITAL DE CL\u00cdNICAS DR. RADAM\u00c9S NARDINI \/ Complexo de Sa\u00fade de Mau\u00e1 (COSAM)<\/strong><br>Rua Regente Feij\u00f3, 166. Vila Bocaina &#8211; Mau\u00e1 (SP). CEP: 09310-640.<br>Atendimento (Setor Administrativo): segunda a sexta-feira, das 8h \u00e0s 17h (exceto feriados).<br>Tel.: (11) 4547-6999.<\/p>\n\n\n\n<p>.<\/p>\n\n\n\n<p><strong>HOSPITAL ESTADUAL M\u00c1RIO COVAS<\/strong><br>Rua Dr. Henrique Calderazzo, 321. Bairro Para\u00edso &#8211; Santo Andr\u00e9 (SP). CEP: 09190-610.<br>Atendimento (Setor Administrativo): segunda a sexta-feira, das 8h \u00e0s 17h (exceto feriados).<br>Tel.: (11) 2829-5000.<\/p>\n\n\n\n<p>.<\/p>\n\n\n\n<p><strong>HOSPITAL MUNICIPAL DE MOGI DAS CRUZES<\/strong><br>Rua Guttermann, n\u00ba 577. Bairro Braz Cubas &#8211; Mogi das Cruzes (SP) &#8211; CEP: 08740-300.<br>Atendimento (Setor Administrativo): segunda a sexta-feira, das 8h \u00e0s 17h (exceto feriados).<br>Telefone: (11) 4791-7780.<\/p>\n\n\n\n<p>.<\/p>\n\n\n\n<p><strong>INSTITUTO DE INFECTOLOGIA EM\u00cdLIO RIBAS II &#8211; GUARUJ\u00c1<\/strong><br>Rua S\u00e3o Miguel, 760. Pae Car\u00e1 &#8211; Vicente de Carvalho &#8211; Guaruj\u00e1 (SP). CEP: 11460-202.<br>Atendimento (Setor Administrativo): segunda a sexta-feira, das 8h \u00e0s 17h (exceto feriados).<br>Tel.: (13) 3308-2030.<\/p>\n\n\n\n<p>.<\/p>\n\n\n\n<p><strong>PAI BAIXADA SANTISTA | POLO DE ATEN\u00c7\u00c3O INTENSIVA EM SA\u00daDE MENTAL<\/strong><br>Av. Siqueira Campos, S\/N, Boqueir\u00e3o &#8211; Santos \/ SP. CEP: 11045-200.<br>Atendimento (Setor Administrativo): segunda a sexta-feira, das 8h \u00e0s 17h (exceto feriados).<br>Tel.: (13) 3797-8777.<br>E-mail: sau@paibaixadasantista.org.br<\/p>\n\n\n\n<p>.<\/p>\n\n\n\n<p><strong>UPA RODEIO DE MOGI DAS CRUZES<\/strong><br>Av. Pedro Romero, s\/n\u00ba. Bairro Rodeio &#8211; Mogi das Cruzes (SP). CEP: 08730-090.<br>Atendimento (Setor Administrativo): segunda a sexta-feira, das 8h \u00e0s 17h (exceto feriados).<br>Tel.: (11) 4798-7411.<\/p>\n","protected":false},"excerpt":{"rendered":"<p>FUNDA\u00c7\u00c3O DO ABC (MANTENEDORA)Av. Lauro Gomes, 2000. Bairro Vila Sacadura Cabral. Santo Andr\u00e9 (SP). CEP: 09060-870.Hor\u00e1rio de atendimento: segunda a sexta-feira, das 8h \u00e0s 17h (exceto feriados).Tel.: (11) 2666-5400. AME MAU\u00c1Rua Prof. Am\u00e9rico Perrella, 171. Centro &#8211; Mau\u00e1 (SP). CEP: 09390-030.Atendimento (Setor Administrativo): segunda a sexta-feira, das 8h \u00e0s 17h (exceto feriados).Tel.: (11) 4542-7440 . AME PRAIA GRANDERua Walter Jos\u00e9 Alves, 485. Bairro Vila Mirim &#8211; Praia Grande (SP). CEP: 11705-010.Atendimento (Setor Administrativo): segunda a sexta-feira, das 8h \u00e0s 17h (exceto feriados).Tel.: (13) 3496-1700. . AME SANTO ANDR\u00c9Av. Capit\u00e3o M\u00e1rio de Toledo Camargo, 3330. Vila Luzita &#8211; Santo Andr\u00e9 (SP). CEP: 09171-125.Atendimento (Setor Administrativo): segunda a sexta-feira, das 8h \u00e0s 17h (exceto feriados).Tel.: (11) 4454-6100. . AME SANTOSRua Alexandre Martins, 70, Bairro Aparecida &#8211; Santos \/ SP. CEP: 11025-200.Atendimento (Setor Administrativo): segunda a sexta-feira, das 8h \u00e0s 17h (exceto feriados).Tel.: (13) 3278-7700. . AME SOROCABARua Guaicurus, 411, Bairro Mangal &#8211; [&hellip;]<\/p>\n","protected":false},"author":1,"featured_media":0,"parent":0,"menu_order":0,"comment_status":"closed","ping_status":"closed","template":"template-home.php","meta":{"_acf_changed":false,"footnotes":""},"class_list":["post-3418","page","type-page","status-publish","hentry"],"acf":[],"_links":{"self":[{"href":"https:\/\/fuabc.org.br\/portaldatransparencia\/wp-json\/wp\/v2\/pages\/3418","targetHints":{"allow":["GET"]}}],"collection":[{"href":"https:\/\/fuabc.org.br\/portaldatransparencia\/wp-json\/wp\/v2\/pages"}],"about":[{"href":"https:\/\/fuabc.org.br\/portaldatransparencia\/wp-json\/wp\/v2\/types\/page"}],"author":[{"embeddable":true,"href":"https:\/\/fuabc.org.br\/portaldatransparencia\/wp-json\/wp\/v2\/users\/1"}],"replies":[{"embeddable":true,"href":"https:\/\/fuabc.org.br\/portaldatransparencia\/wp-json\/wp\/v2\/comments?post=3418"}],"version-history":[{"count":8,"href":"https:\/\/fuabc.org.br\/portaldatransparencia\/wp-json\/wp\/v2\/pages\/3418\/revisions"}],"predecessor-version":[{"id":25362,"href":"https:\/\/fuabc.org.br\/portaldatransparencia\/wp-json\/wp\/v2\/pages\/3418\/revisions\/25362"}],"wp:attachment":[{"href":"https:\/\/fuabc.org.br\/portaldatransparencia\/wp-json\/wp\/v2\/media?parent=3418"}],"curies":[{"name":"wp","href":"https:\/\/api.w.org\/{rel}","templated":true}]}}