{"id":4069,"date":"2020-06-25T17:08:45","date_gmt":"2020-06-25T17:08:45","guid":{"rendered":"https:\/\/fuabc.org.br\/portaldatransparencia\/?page_id=4069"},"modified":"2020-09-30T19:52:11","modified_gmt":"2020-09-30T19:52:11","slug":"covid-19-09-adm-prestacao-de-servicos","status":"publish","type":"page","link":"https:\/\/fuabc.org.br\/portaldatransparencia\/covid-19-09-adm-prestacao-de-servicos\/","title":{"rendered":"Covid-19 | 09 | Adm. Presta\u00e7\u00e3o de Servi\u00e7os"},"content":{"rendered":"\n<h2 class=\"wp-block-heading\">RECEITAS<\/h2>\n\n\n\n<p>30\/09\/2020<\/p>\n\n\n\n<p><a href=\"https:\/\/fuabc.org.br\/publicacoes-oficiais\/declaracao-negativa-de-recebimento-de-receita-para-enfrentamento-a-pandemia-de-covid-19-a-fundacao-abc-central-de-convenios-ao-instituto-municipal-de-assistencia-a-saude-do-funcionalismo-6\/\">DECLARA\u00c7\u00c3O NEGATIVA DE RECEBIMENTO DE RECEITA PARA ENFRENTAMENTO A PANDEMIA DE COVID-19 \u2013 A FUNDA\u00c7\u00c3O ABC \u2013 CENTRAL DE CONV\u00caNIOS AO INSTITUTO MUNICIPAL DE ASSIST\u00caNCIA \u00c0 SA\u00daDE DO FUNCIONALISMO \u2013 IMASF.<\/a><\/p>\n\n\n\n<p>24\/09\/2020<\/p>\n\n\n\n<p><a href=\"https:\/\/fuabc.org.br\/publicacoes-oficiais\/declaracao-negativa-de-recebimento-de-receita-para-enfrentamento-a-pandemia-de-covid-19-a-fundacao-abc-central-de-convenios-ao-instituto-municipal-de-assistencia-a-saude-do-funcionalismo-5\/\">DECLARA\u00c7\u00c3O NEGATIVA DE RECEBIMENTO DE RECEITA PARA ENFRENTAMENTO A PANDEMIA DE COVID-19 \u2013 A FUNDA\u00c7\u00c3O ABC \u2013 CENTRAL DE CONV\u00caNIOS AO INSTITUTO MUNICIPAL DE ASSIST\u00caNCIA \u00c0 SA\u00daDE DO FUNCIONALISMO \u2013 IMASF.<\/a><\/p>\n\n\n\n<p>17\/09\/2020<\/p>\n\n\n\n<p><a href=\"https:\/\/fuabc.org.br\/publicacoes-oficiais\/declaracao-negativa-de-recebimento-de-receita-para-enfrentamento-a-pandemia-de-covid-19-a-fundacao-abc-central-de-convenios-ao-instituto-municipal-de-assistencia-a-saude-do-funcionalismo-4\/\">DECLARA\u00c7\u00c3O NEGATIVA DE RECEBIMENTO DE RECEITA PARA ENFRENTAMENTO A PANDEMIA DE COVID-19 \u2013 A FUNDA\u00c7\u00c3O ABC \u2013 CENTRAL DE CONV\u00caNIOS AO INSTITUTO MUNICIPAL DE ASSIST\u00caNCIA \u00c0 SA\u00daDE DO FUNCIONALISMO \u2013 IMASF.<\/a><\/p>\n\n\n\n<p>10\/09\/2020<\/p>\n\n\n\n<p><a href=\"https:\/\/fuabc.org.br\/publicacoes-oficiais\/declaracao-negativa-de-recebimento-de-receita-para-enfrentamento-a-pandemia-de-covid-19-a-fundacao-abc-central-de-convenios-ao-instituto-municipal-de-assistencia-a-saude-do-funcionalismo-3\/\">DECLARA\u00c7\u00c3O NEGATIVA DE RECEBIMENTO DE RECEITA PARA ENFRENTAMENTO A PANDEMIA DE COVID-19 \u2013 A FUNDA\u00c7\u00c3O ABC \u2013 CENTRAL DE CONV\u00caNIOS AO INSTITUTO MUNICIPAL DE ASSIST\u00caNCIA \u00c0 SA\u00daDE DO FUNCIONALISMO \u2013 IMASF.<\/a><\/p>\n\n\n\n<p>26\/08\/2020<\/p>\n\n\n\n<p><a href=\"https:\/\/fuabc.org.br\/publicacoes-oficiais\/declaracao-negativa-de-recebimento-de-receita-para-enfrentamento-a-pandemia-de-covid-19-a-fundacao-abc-central-de-convenios-ao-instituto-municipal-de-assistencia-a-saude-do-funcionalismo-2\/\">DECLARA\u00c7\u00c3O NEGATIVA DE RECEBIMENTO DE RECEITA PARA ENFRENTAMENTO A PANDEMIA DE COVID-19 \u2013 A FUNDA\u00c7\u00c3O ABC \u2013 CENTRAL DE CONV\u00caNIOS AO INSTITUTO MUNICIPAL DE ASSIST\u00caNCIA \u00c0 SA\u00daDE DO FUNCIONALISMO \u2013 IMASF<\/a><\/p>\n\n\n\n<p>19\/08\/2020<\/p>\n\n\n\n<p><a href=\"https:\/\/fuabc.org.br\/publicacoes-oficiais\/declaracao-negativa-de-recebimento-de-receita-para-enfrentamento-a-pandemia-de-covid-19-a-fundacao-abc-central-de-convenios-ao-instituto-municipal-de-assistencia-a-saude-do-funcionalismo\/\">DECLARA\u00c7\u00c3O NEGATIVA DE RECEBIMENTO DE RECEITA PARA ENFRENTAMENTO A PANDEMIA DE COVID-19 \u2013 A FUNDA\u00c7\u00c3O ABC \u2013 CENTRAL DE CONV\u00caNIOS AO INSTITUTO MUNICIPAL DE ASSIST\u00caNCIA \u00c0 SA\u00daDE DO FUNCIONALISMO \u2013 IMASF.<\/a><\/p>\n\n\n\n<p>12\/08\/2020<\/p>\n\n\n\n<p><a href=\"https:\/\/fuabc.org.br\/publicacoes-oficiais\/declaracao-negativa-de-recebimento-de-receita-para-enfrentamento-a-pandemia-de-covid-19-central-de-convenios-ao-instituto-municipal-de-assistencia-a-saude-do-funcionalismo-imasf-2\/\">DECLARA\u00c7\u00c3O NEGATIVA DE RECEBIMENTO DE RECEITA PARA ENFRENTAMENTO A PANDEMIA DE COVID-19 \u2013 CENTRAL DE CONV\u00caNIOS AO INSTITUTO MUNICIPAL DE ASSIST\u00caNCIA \u00c0 SA\u00daDE DO FUNCIONALISMO \u2013 IMASF<\/a><\/p>\n\n\n\n<p>05\/08\/2020<\/p>\n\n\n\n<p><a href=\"https:\/\/fuabc.org.br\/publicacoes-oficiais\/declaracao-negativa-de-recebimento-de-receita-para-enfrentamento-a-pandemia-de-covid-19-central-de-convenios-ao-instituto-municipal-de-assistencia-a-saude-do-funcionalismo-imasf\/\">DECLARA\u00c7\u00c3O NEGATIVA DE RECEBIMENTO DE RECEITA PARA ENFRENTAMENTO A PANDEMIA DE COVID-19 \u2013 CENTRAL DE CONV\u00caNIOS AO INSTITUTO MUNICIPAL DE ASSIST\u00caNCIA \u00c0 SA\u00daDE DO FUNCIONALISMO \u2013 IMASF<\/a><\/p>\n\n\n\n<p>29\/07\/2020<\/p>\n\n\n\n<p><a href=\"https:\/\/fuabc.org.br\/publicacoes-oficiais\/declaracao-negativa-de-recebimento-de-receita-para-enfrentamento-a-pandemia-de-covid-19-fundacao-abc-central-de-convenios-ao-instituto-municipal-de-assistencia-a-saude-do-funcionalismo-ima\/\">DECLARA\u00c7\u00c3O NEGATIVA DE RECEBIMENTO DE RECEITA PARA ENFRENTAMENTO A PANDEMIA DE COVID-19 FUNDA\u00c7\u00c3O ABC \u2013 CENTRAL DE CONV\u00caNIOS AO INSTITUTO MUNICIPAL DE ASSIST\u00caNCIA \u00c0 SA\u00daDE DO FUNCIONALISMO \u2013 IMASF<\/a><\/p>\n\n\n\n<hr class=\"wp-block-separator\"\/>\n\n\n\n<h2 class=\"wp-block-heading\">DESPESAS<\/h2>\n\n\n\n<p>30\/09\/2020<\/p>\n\n\n\n<p><a href=\"https:\/\/fuabc.org.br\/publicacoes-oficiais\/declaracao-negativa-realizacao-de-despesa-para-enfrentamento-a-pandemia-de-covid-19-central-de-convenios-ao-instituto-municipal-de-assistencia-a-saude-do-funcionalismo-imasf-8\/\">DECLARA\u00c7\u00c3O NEGATIVA REALIZA\u00c7\u00c3O DE DESPESA PARA ENFRENTAMENTO A PANDEMIA DE COVID-19 \u2013 CENTRAL DE CONV\u00caNIOS AO INSTITUTO MUNICIPAL DE ASSIST\u00caNCIA \u00c0 SA\u00daDE DO FUNCIONALISMO \u2013 IMASF<\/a><\/p>\n\n\n\n<p>24\/09\/2020<\/p>\n\n\n\n<p><a href=\"https:\/\/fuabc.org.br\/publicacoes-oficiais\/declaracao-negativa-realizacao-de-despesa-para-enfrentamento-a-pandemia-de-covid-19-central-de-convenios-ao-instituto-municipal-de-assistencia-a-saude-do-funcionalismo-imasf-7\/\">DECLARA\u00c7\u00c3O NEGATIVA REALIZA\u00c7\u00c3O DE DESPESA PARA ENFRENTAMENTO A PANDEMIA DE COVID-19 \u2013 CENTRAL DE CONV\u00caNIOS AO INSTITUTO MUNICIPAL DE ASSIST\u00caNCIA \u00c0 SA\u00daDE DO FUNCIONALISMO \u2013 IMASF<\/a><\/p>\n\n\n\n<p>17\/09\/2020<\/p>\n\n\n\n<p><a href=\"https:\/\/fuabc.org.br\/publicacoes-oficiais\/declaracao-negativa-realizacao-de-despesa-para-enfrentamento-a-pandemia-de-covid-19-central-de-convenios-ao-instituto-municipal-de-assistencia-a-saude-do-funcionalismo-imasf-6\/\">DECLARA\u00c7\u00c3O NEGATIVA REALIZA\u00c7\u00c3O DE DESPESA PARA ENFRENTAMENTO A PANDEMIA DE COVID-19 \u2013 CENTRAL DE CONV\u00caNIOS AO INSTITUTO MUNICIPAL DE ASSIST\u00caNCIA \u00c0 SA\u00daDE DO FUNCIONALISMO \u2013 IMASF<\/a><\/p>\n\n\n\n<p>10\/09\/2020<\/p>\n\n\n\n<p><a href=\"https:\/\/fuabc.org.br\/publicacoes-oficiais\/declaracao-negativa-realizacao-de-despesa-para-enfrentamento-a-pandemia-de-covid-19-central-de-convenios-ao-instituto-municipal-de-assistencia-a-saude-do-funcionalismo-imasf-5\/\">DECLARA\u00c7\u00c3O NEGATIVA REALIZA\u00c7\u00c3O DE DESPESA PARA ENFRENTAMENTO A PANDEMIA DE COVID-19 \u2013 CENTRAL DE CONV\u00caNIOS AO INSTITUTO MUNICIPAL DE ASSIST\u00caNCIA \u00c0 SA\u00daDE DO FUNCIONALISMO \u2013 IMASF<\/a><\/p>\n\n\n\n<p>26\/08\/2020<\/p>\n\n\n\n<p><a href=\"https:\/\/fuabc.org.br\/publicacoes-oficiais\/declaracao-negativa-realizacao-de-despesa-para-enfrentamento-a-pandemia-de-covid-19-central-de-convenios-ao-instituto-municipal-de-assistencia-a-saude-do-funcionalismo-imasf-4\/\">DECLARA\u00c7\u00c3O NEGATIVA REALIZA\u00c7\u00c3O DE DESPESA PARA ENFRENTAMENTO A PANDEMIA DE COVID-19 \u2013 CENTRAL DE CONV\u00caNIOS AO INSTITUTO MUNICIPAL DE ASSIST\u00caNCIA \u00c0 SA\u00daDE DO FUNCIONALISMO \u2013 IMASF<\/a><\/p>\n\n\n\n<p>19\/08\/2020<\/p>\n\n\n\n<p><a href=\"https:\/\/fuabc.org.br\/publicacoes-oficiais\/declaracao-negativa-realizacao-de-despesa-para-enfrentamento-a-pandemia-de-covid-19-central-de-convenios-ao-instituto-municipal-de-assistencia-a-saude-do-funcionalismo-imasf-3\/\">DECLARA\u00c7\u00c3O NEGATIVA REALIZA\u00c7\u00c3O DE DESPESA PARA ENFRENTAMENTO A PANDEMIA DE COVID-19 \u2013 CENTRAL DE CONV\u00caNIOS AO INSTITUTO MUNICIPAL DE ASSIST\u00caNCIA \u00c0 SA\u00daDE DO FUNCIONALISMO \u2013 IMASF<\/a><\/p>\n\n\n\n<p>12\/08\/2020<\/p>\n\n\n\n<p><a href=\"https:\/\/fuabc.org.br\/publicacoes-oficiais\/declaracao-negativa-realizacao-de-despesa-para-enfrentamento-a-pandemia-de-covid-19-central-de-convenios-ao-instituto-municipal-de-assistencia-a-saude-do-funcionalismo-imasf-2\/\">DECLARA\u00c7\u00c3O NEGATIVA REALIZA\u00c7\u00c3O DE DESPESA PARA ENFRENTAMENTO A PANDEMIA DE COVID-19 \u2013 CENTRAL DE CONV\u00caNIOS AO INSTITUTO MUNICIPAL DE ASSIST\u00caNCIA \u00c0 SA\u00daDE DO FUNCIONALISMO \u2013 IMASF<\/a><\/p>\n\n\n\n<p>05\/08\/2020<\/p>\n\n\n\n<p><a href=\"https:\/\/fuabc.org.br\/publicacoes-oficiais\/declaracao-negativa-realizacao-de-despesa-para-enfrentamento-a-pandemia-de-covid-19-central-de-convenios-ao-instituto-municipal-de-assistencia-a-saude-do-funcionalismo-imasf\/\">DECLARA\u00c7\u00c3O NEGATIVA REALIZA\u00c7\u00c3O DE DESPESA PARA ENFRENTAMENTO A PANDEMIA DE COVID\u201319 \u2013 CENTRAL DE CONV\u00caNIOS AO INSTITUTO MUNICIPAL DE ASSIST\u00caNCIA \u00c0 SA\u00daDE DO FUNCIONALISMO \u2013 IMASF<\/a><\/p>\n\n\n\n<p>29\/07\/2020<\/p>\n\n\n\n<p><a href=\"https:\/\/fuabc.org.br\/publicacoes-oficiais\/declaracao-negativa-realizacao-de-despesa-para-enfrentamento-a-pandemia-de-covid-19-fuabc-central-de-convenios-ao-instituto-municipal-de-assistencia-a-saude-do-funcional\/\">DECLARA\u00c7\u00c3O NEGATIVA REALIZA\u00c7\u00c3O DE DESPESA PARA ENFRENTAMENTO A PANDEMIA DE COVID \u2013 19 \u2013 FUABC \u2013 CENTRAL DE CONV\u00caNIOS AO INSTITUTO MUNICIPAL DE ASSIST\u00caNCIA \u00c0 SA\u00daDE DO FUNCIONALISMO \u2013 IMASF<\/a><\/p>\n","protected":false},"excerpt":{"rendered":"<p>RECEITAS 30\/09\/2020 DECLARA\u00c7\u00c3O NEGATIVA DE RECEBIMENTO DE RECEITA PARA ENFRENTAMENTO A PANDEMIA DE COVID-19 \u2013 A FUNDA\u00c7\u00c3O ABC \u2013 CENTRAL DE CONV\u00caNIOS AO INSTITUTO MUNICIPAL DE ASSIST\u00caNCIA \u00c0 SA\u00daDE DO FUNCIONALISMO \u2013 IMASF. 24\/09\/2020 DECLARA\u00c7\u00c3O NEGATIVA DE RECEBIMENTO DE RECEITA PARA ENFRENTAMENTO A PANDEMIA DE COVID-19 \u2013 A FUNDA\u00c7\u00c3O ABC \u2013 CENTRAL DE CONV\u00caNIOS AO INSTITUTO MUNICIPAL DE ASSIST\u00caNCIA \u00c0 SA\u00daDE DO FUNCIONALISMO \u2013 IMASF. 17\/09\/2020 DECLARA\u00c7\u00c3O NEGATIVA DE RECEBIMENTO DE RECEITA PARA ENFRENTAMENTO A PANDEMIA DE COVID-19 \u2013 A FUNDA\u00c7\u00c3O ABC \u2013 CENTRAL DE CONV\u00caNIOS AO INSTITUTO MUNICIPAL DE ASSIST\u00caNCIA \u00c0 SA\u00daDE DO FUNCIONALISMO \u2013 IMASF. 10\/09\/2020 DECLARA\u00c7\u00c3O NEGATIVA DE RECEBIMENTO DE RECEITA PARA ENFRENTAMENTO A PANDEMIA DE COVID-19 \u2013 A FUNDA\u00c7\u00c3O ABC \u2013 CENTRAL DE CONV\u00caNIOS AO INSTITUTO MUNICIPAL DE ASSIST\u00caNCIA \u00c0 SA\u00daDE DO FUNCIONALISMO \u2013 IMASF. 26\/08\/2020 DECLARA\u00c7\u00c3O NEGATIVA DE RECEBIMENTO DE RECEITA PARA ENFRENTAMENTO A PANDEMIA DE COVID-19 \u2013 A FUNDA\u00c7\u00c3O ABC \u2013 CENTRAL DE CONV\u00caNIOS [&hellip;]<\/p>\n","protected":false},"author":1,"featured_media":0,"parent":0,"menu_order":0,"comment_status":"closed","ping_status":"closed","template":"template-portal.php","meta":{"_acf_changed":false,"footnotes":""},"class_list":["post-4069","page","type-page","status-publish","hentry"],"acf":[],"_links":{"self":[{"href":"https:\/\/fuabc.org.br\/portaldatransparencia\/wp-json\/wp\/v2\/pages\/4069","targetHints":{"allow":["GET"]}}],"collection":[{"href":"https:\/\/fuabc.org.br\/portaldatransparencia\/wp-json\/wp\/v2\/pages"}],"about":[{"href":"https:\/\/fuabc.org.br\/portaldatransparencia\/wp-json\/wp\/v2\/types\/page"}],"author":[{"embeddable":true,"href":"https:\/\/fuabc.org.br\/portaldatransparencia\/wp-json\/wp\/v2\/users\/1"}],"replies":[{"embeddable":true,"href":"https:\/\/fuabc.org.br\/portaldatransparencia\/wp-json\/wp\/v2\/comments?post=4069"}],"version-history":[{"count":14,"href":"https:\/\/fuabc.org.br\/portaldatransparencia\/wp-json\/wp\/v2\/pages\/4069\/revisions"}],"predecessor-version":[{"id":5517,"href":"https:\/\/fuabc.org.br\/portaldatransparencia\/wp-json\/wp\/v2\/pages\/4069\/revisions\/5517"}],"wp:attachment":[{"href":"https:\/\/fuabc.org.br\/portaldatransparencia\/wp-json\/wp\/v2\/media?parent=4069"}],"curies":[{"name":"wp","href":"https:\/\/api.w.org\/{rel}","templated":true}]}}