{"id":5347,"date":"2020-09-15T15:15:39","date_gmt":"2020-09-15T15:15:39","guid":{"rendered":"https:\/\/fuabc.org.br\/portaldatransparencia\/?page_id=5347"},"modified":"2021-09-23T19:00:51","modified_gmt":"2021-09-23T19:00:51","slug":"covid-19-santo-andre-c-e","status":"publish","type":"page","link":"https:\/\/fuabc.org.br\/portaldatransparencia\/covid-19-santo-andre-c-e\/","title":{"rendered":"Covid-19 | 30 | Santo Andr\u00e9 &#8211; C.E. (encerrado)"},"content":{"rendered":"\n<h3 class=\"wp-block-heading\">RECEITAS<\/h3>\n\n\n\n<p>22\/09\/2021<\/p>\n\n\n\n<p><a href=\"https:\/\/fuabc.org.br\/publicacoes-oficiais\/receita-recebida-para-enfrentamento-a-covid-19-fuabc-central-de-convenios-prefeitura-de-santo-andre-c-e-secretaria-municipal-de-saude-10\/\">RECEITA RECEBIDA PARA ENFRENTAMENTO A COVID-19 \u2013 FUABC \u2013 CENTRAL DE CONV\u00caNIOS \u2013 PREFEITURA DE SANTO ANDR\u00c9 C.E. \u2013 SECRETARIA MUNICIPAL DE SA\u00daDE<\/a><\/p>\n\n\n\n<p>26\/04\/2021<\/p>\n\n\n\n<p><a href=\"https:\/\/fuabc.org.br\/publicacoes-oficiais\/receita-recebida-para-enfrentamento-a-covid-19-fuabc-central-de-convenios-prefeitura-de-santo-andre-c-e-secretaria-municipal-de-saude-9\/\">RECEITA RECEBIDA PARA ENFRENTAMENTO A COVID-19 \u2013 FUABC \u2013 CENTRAL DE CONV\u00caNIOS \u2013 PREFEITURA DE SANTO ANDR\u00c9 C.E. \u2013 SECRETARIA MUNICIPAL DE SA\u00daDE<\/a><\/p>\n\n\n\n<p>28\/01\/2021<\/p>\n\n\n\n<p><a href=\"https:\/\/fuabc.org.br\/publicacoes-oficiais\/receita-recebida-para-enfrentamento-a-covid-19-fuabc-central-de-convenios-prefeitura-de-santo-andre-c-e-secretaria-municipal-de-saude-8\/\">RECEITA RECEBIDA PARA ENFRENTAMENTO A COVID-19 \u2013 FUABC \u2013 CENTRAL DE CONV\u00caNIOS \u2013 PREFEITURA DE SANTO ANDR\u00c9 C.E. \u2013 SECRETARIA MUNICIPAL DE SA\u00daDE<\/a><\/p>\n\n\n\n<p>30\/12\/2020<\/p>\n\n\n\n<p><a href=\"https:\/\/fuabc.org.br\/publicacoes-oficiais\/receita-recebida-para-enfrentamento-a-covid-19-fuabc-central-de-convenios-prefeitura-de-santo-andre-c-e-secretaria-municipal-de-saude-7\/\">RECEITA RECEBIDA PARA ENFRENTAMENTO A COVID-19 \u2013 FUABC \u2013 CENTRAL DE CONV\u00caNIOS \u2013 PREFEITURA DE SANTO ANDR\u00c9 C.E. \u2013 SECRETARIA MUNICIPAL DE SA\u00daDE<\/a><\/p>\n\n\n\n<p>11\/12\/2020<\/p>\n\n\n\n<p><a href=\"https:\/\/fuabc.org.br\/publicacoes-oficiais\/receita-recebida-para-enfrentamento-a-covid-19-fuabc-central-de-convenios-prefeitura-de-santo-andre-c-e-secretaria-municipal-de-saude-6\/\">RECEITA RECEBIDA PARA ENFRENTAMENTO A COVID-19 \u2013 FUABC \u2013 CENTRAL DE CONV\u00caNIOS \u2013 PREFEITURA DE SANTO ANDR\u00c9 C.E. \u2013 SECRETARIA MUNICIPAL DE SA\u00daDE<\/a><\/p>\n\n\n\n<p>03\/12\/2020<\/p>\n\n\n\n<p><a href=\"https:\/\/fuabc.org.br\/publicacoes-oficiais\/receita-recebida-para-enfrentamento-a-covid-19-fuabc-central-de-convenios-prefeitura-de-santo-andre-c-e-secretaria-municipal-de-saude-5\/\">RECEITA RECEBIDA PARA ENFRENTAMENTO A COVID-19 \u2013 FUABC \u2013 CENTRAL DE CONV\u00caNIOS \u2013 PREFEITURA DE SANTO ANDR\u00c9 C.E. \u2013 SECRETARIA MUNICIPAL DE SA\u00daDE<\/a><\/p>\n\n\n\n<p>26\/11\/2020<\/p>\n\n\n\n<p><a href=\"https:\/\/fuabc.org.br\/publicacoes-oficiais\/receita-recebida-para-enfrentamento-a-covid-19-fuabc-central-de-convenios-prefeitura-de-santo-andre-c-e-secretaria-municipal-de-saude-4\/\">RECEITA RECEBIDA PARA ENFRENTAMENTO A COVID-19 \u2013 FUABC \u2013 CENTRAL DE CONV\u00caNIOS \u2013 PREFEITURA DE SANTO ANDR\u00c9 C.E. \u2013 SECRETARIA MUNICIPAL DE SA\u00daDE<\/a><\/p>\n\n\n\n<p>13\/11\/2020<\/p>\n\n\n\n<p><a href=\"https:\/\/fuabc.org.br\/publicacoes-oficiais\/receita-recebida-para-enfrentamento-a-covid-19-fuabc-central-de-convenios-prefeitura-de-santo-andre-c-e-secretaria-municipal-de-saude-3\/\">RECEITA RECEBIDA PARA ENFRENTAMENTO A COVID-19 \u2013 FUABC \u2013 CENTRAL DE CONV\u00caNIOS \u2013 PREFEITURA DE SANTO ANDR\u00c9 C.E. \u2013 SECRETARIA MUNICIPAL DE SA\u00daDE<\/a><\/p>\n\n\n\n<p>05\/11\/2020<\/p>\n\n\n\n<p><a href=\"https:\/\/fuabc.org.br\/publicacoes-oficiais\/receita-recebida-para-enfrentamento-a-covid-19-fuabc-central-de-convenios-prefeitura-de-santo-andre-c-e-secretaria-municipal-de-saude-2\/\">RECEITA RECEBIDA PARA ENFRENTAMENTO A COVID-19 \u2013 FUABC \u2013 CENTRAL DE CONV\u00caNIOS \u2013 PREFEITURA DE SANTO ANDR\u00c9 C.E. \u2013 SECRETARIA MUNICIPAL DE SA\u00daDE<\/a><\/p>\n\n\n\n<p>22\/10\/2020<\/p>\n\n\n\n<p><a href=\"https:\/\/fuabc.org.br\/publicacoes-oficiais\/receita-recebida-para-enfrentamento-a-covid-19-fuabc-central-de-convenios-prefeitura-de-santo-andre-c-e-secretaria-municipal-de-saude\/\">RECEITA RECEBIDA PARA ENFRENTAMENTO A COVID-19 \u2013 FUABC \u2013 CENTRAL DE CONV\u00caNIOS \u2013 PREFEITURA DE SANTO ANDR\u00c9 C.E. \u2013 SECRETARIA MUNICIPAL DE SA\u00daDE<\/a><\/p>\n\n\n\n<p>14\/10\/2020<\/p>\n\n\n\n<p><a href=\"https:\/\/fuabc.org.br\/publicacoes-oficiais\/receita-recebida-para-enfrentamento-a-covid-19-fuabc-central-de-convenios-prefeitura-de-santo-andre-secretaria-municipal-de-saude-7\/\">RECEITA RECEBIDA PARA ENFRENTAMENTO A COVID-19 \u2013 FUABC \u2013 CENTRAL DE CONV\u00caNIOS \u2013PREFEITURA DE SANTO ANDR\u00c9 \u2013 SECRETARIA MUNICIPAL DE SA\u00daDE<\/a><\/p>\n\n\n\n<p>24\/09\/2020<\/p>\n\n\n\n<p><a href=\"https:\/\/fuabc.org.br\/publicacoes-oficiais\/receita-recebida-para-enfrentamento-a-covid-19-fuabc-central-de-convenios-prefeitura-de-santo-andre-secretaria-municipal-de-saude-6\/\">RECEITA RECEBIDA PARA ENFRENTAMENTO A COVID-19 \u2013 FUABC \u2013 CENTRAL DE CONV\u00caNIOS \u2013PREFEITURA DE SANTO ANDR\u00c9 \u2013 SECRETARIA MUNICIPAL DE SA\u00daDE<\/a><\/p>\n\n\n\n<p>17\/09\/2020<\/p>\n\n\n\n<p><a href=\"https:\/\/fuabc.org.br\/publicacoes-oficiais\/receita-recebida-para-enfrentamento-a-covid-19-fuabc-central-de-convenios-prefeitura-de-santo-andre-secretaria-municipal-de-saude-5\/\">RECEITA RECEBIDA PARA ENFRENTAMENTO A COVID-19 \u2013 FUABC \u2013 CENTRAL DE CONV\u00caNIOS \u2013PREFEITURA DE SANTO ANDR\u00c9 \u2013 SECRETARIA MUNICIPAL DE SA\u00daDE<\/a><\/p>\n\n\n\n<p>11\/09\/2020<\/p>\n\n\n\n<p><a href=\"https:\/\/fuabc.org.br\/publicacoes-oficiais\/receita-recebida-para-enfrentamento-a-covid-19-fuabc-central-de-convenios-prefeitura-de-santo-andre-secretaria-municipal-de-saude-4\/\">RECEITA RECEBIDA PARA ENFRENTAMENTO A COVID-19 \u2013 FUABC \u2013 CENTRAL DE CONV\u00caNIOS \u2013PREFEITURA DE SANTO ANDR\u00c9 \u2013 SECRETARIA MUNICIPAL DE SA\u00daDE<\/a><\/p>\n\n\n\n<p>08\/09\/2020<\/p>\n\n\n\n<p><a href=\"https:\/\/fuabc.org.br\/publicacoes-oficiais\/receita-recebida-para-enfrentamento-a-covid-19-fuabc-central-de-convenios-prefeitura-de-santo-andre-secretaria-municipal-de-saude-3\/\">RECEITA RECEBIDA PARA ENFRENTAMENTO A COVID-19 \u2013 FUABC \u2013 CENTRAL DE CONV\u00caNIOS \u2013PREFEITURA DE SANTO ANDR\u00c9 \u2013 SECRETARIA MUNICIPAL DE SA\u00daDE<\/a><\/p>\n\n\n\n<p>26\/08\/2020<\/p>\n\n\n\n<p><a href=\"https:\/\/fuabc.org.br\/publicacoes-oficiais\/eceita-recebida-para-enfrentamento-a-covid-19-fuabc-central-de-convenios-prefeitura-de-santo-andre-secretaria-municipal-de-saude\/\">RECEITA RECEBIDA PARA ENFRENTAMENTO A COVID-19 \u2013 FUABC \u2013 CENTRAL DE CONV\u00caNIOS \u2013PREFEITURA DE SANTO ANDR\u00c9 \u2013 SECRETARIA MUNICIPAL DE SA\u00daDE<\/a><\/p>\n\n\n\n<p>21\/08\/2020<\/p>\n\n\n\n<p><a href=\"https:\/\/fuabc.org.br\/publicacoes-oficiais\/mantida-fuabc-central-de-convenios-prefeitura-de-santo-andre-secretaria-municipal-de-saude\/\">RECEITA RECEBIDA PARA ENFRENTAMENTO A COVID-19 \u2013 FUABC \u2013 CENTRAL DE CONV\u00caNIOS \u2013PREFEITURA DE SANTO ANDR\u00c9 \u2013 SECRETARIA MUNICIPAL DE SA\u00daDE<\/a><\/p>\n\n\n\n<hr class=\"wp-block-separator\"\/>\n\n\n\n<h3 class=\"wp-block-heading\">DESPESAS<\/h3>\n\n\n\n<p>20\/01\/2021<\/p>\n\n\n\n<p><a href=\"https:\/\/fuabc.org.br\/publicacoes-oficiais\/transparencia-fuabc-secretaria-de-saude-de-santo-andre-c-e-processo-191-19-contratacao-de-empresa-para-prestacao-de-servico-de-apoio-diagnostico-laboratorial-de-analise\/\">TRANSPAR\u00caNCIA \u2013 FUABC \u2013 SECRETARIA DE SA\u00daDE DE SANTO ANDR\u00c9 C.E \u2013 PROCESSO 191\/19 \u2013 CONTRATA\u00c7\u00c3O DE EMPRESA PARA PRESTA\u00c7\u00c3O DE SERVI\u00c7O DE APOIO DIAGN\u00d3STICO LABORATORIAL DE AN\u00c1LISES CL\u00cdNICAS, ANATOMIA PATOL\u00d3GICA E CITOLOGIA.<\/a><\/p>\n\n\n\n<p>05\/11\/2020<\/p>\n\n\n\n<p><a href=\"https:\/\/fuabc.org.br\/publicacoes-oficiais\/transparencia-fuabc-secretaria-de-saude-de-santo-andre-c-e-processo-333-20-aquisicao-de-equipamentos-e-moveis-para-o-hospital-de-campanha-para-os-pacientes-covid-19\/\">TRANSPAR\u00caNCIA \u2013 FUABC \u2013 SECRETARIA DE SA\u00daDE DE SANTO ANDR\u00c9 C.E. \u2013 PROCESSO 333\/20 \u2013 AQUISI\u00c7\u00c3O DE EQUIPAMENTOS E M\u00d3VEIS PARA O HOSPITAL DE CAMPANHA PARA OS PACIENTES COVID-19<\/a><\/p>\n\n\n\n<p>15\/10\/2020<\/p>\n\n\n\n<p><a href=\"https:\/\/fuabc.org.br\/publicacoes-oficiais\/transparencia-fuabc-secretaria-de-saude-de-santo-andre-c-e-processo-289-20-contratacao-de-empresa-especializada-em-locacao-de-equipamentos-hospitalares-para-os\/\">TRANSPAR\u00caNCIA \u2013 FUABC \u2013 SECRETARIA DE SA\u00daDE DE SANTO ANDR\u00c9 C.E. \u2013 PROCESSO 289\/20 \u2013 CONTRATA\u00c7\u00c3O DE EMPRESA ESPECIALIZADA EM LOCACAO DE EQUIPAMENTOS HOSPITALARES PARA OS PACIENTES COVID-19<\/a><\/p>\n\n\n\n<p><a href=\"https:\/\/fuabc.org.br\/publicacoes-oficiais\/transparencia-fuabc-secretaria-de-saude-de-santo-andre-c-e-processo-332a-20-contratacao-de-empresa-especializada-em-plataforma-digital-e-tablets-de-alta-perfor\/\">TRANSPAR\u00caNCIA \u2013 FUABC \u2013 SECRETARIA DE SA\u00daDE DE SANTO ANDR\u00c9 C.E. \u2013 PROCESSO 332A\/20 \u2013 CONTRATA\u00c7\u00c3O DE EMPRESA ESPECIALIZADA EM PLATAFORMA DIGITAL E TABLETS DE ALTA PERFORMANCE COM INTERNET M\u00d3VEL PARA CENTRAL DE VISITAS VIRTUAIS NOS HOSPITAIS DE CAMPANHA PARA OS PACIENTES COVID-19<\/a><\/p>\n\n\n\n<p>08\/10\/2020<\/p>\n\n\n\n<p><a href=\"https:\/\/fuabc.org.br\/publicacoes-oficiais\/transparencia-fuabc-secretaria-de-saude-de-santo-andre-c-e-processo-196-19-contratacao-de-empresa-especializada-em-na-prestacao-de-servicos-continuado-de-lavand\/\">TRANSPAR\u00caNCIA \u2013 FUABC \u2013 SECRETARIA DE SA\u00daDE DE SANTO ANDR\u00c9 C.E \u2013 PROCESSO 196\/19 \u2013 CONTRATA\u00c7\u00c3O DE EMPRESA ESPECIALIZADA EM NA PRESTA\u00c7\u00c3O DE SERVI\u00c7OS CONTINUADO DE LAVANDERIA HOSPITALAR, ENVOLVENDO TODAS AS ETAPAS DO CONTROLE E PROCESSAMENTO DO ENXOVAL HOSPITALAR, PARA ATENDER OS HOSPITAIS DE CAMPANHA.<\/a><\/p>\n\n\n\n<p>02\/10\/2020<\/p>\n\n\n\n<p><a href=\"https:\/\/fuabc.org.br\/publicacoes-oficiais\/transparencia-fuabc-secretaria-de-saude-de-santo-andre-c-e-processo-331a-20-contratacao-de-empresa-especializada-em-servicos-de-refeitorio-para-os-hospitais-de-campanha\/\">TRANSPAR\u00caNCIA \u2013 FUABC \u2013 SECRETARIA DE SA\u00daDE DE SANTO ANDR\u00c9 C.E \u2013 PROCESSO 331A\/20 \u2013 CONTRATA\u00c7\u00c3O DE EMPRESA ESPECIALIZADA EM SERVI\u00c7OS DE REFEITORIO PARA OS HOSPITAIS DE CAMPANHA PARA ATENDIMENTO AOS PACIENTES COVID-19<\/a><\/p>\n\n\n\n<p><a href=\"https:\/\/fuabc.org.br\/publicacoes-oficiais\/transparencia-fuabc-secretaria-de-saude-de-santo-andre-c-e-processo-318a-20-contratacao-de-empresa-especializada-serv-tecnico-hospitalar-para-os-pacientes-covid-19\/\">TRANSPAR\u00caNCIA \u2013 FUABC \u2013 SECRETARIA DE SA\u00daDE DE SANTO ANDR\u00c9 C.E \u2013 PROCESSO 318A\/20 \u2013 CONTRATA\u00c7\u00c3O DE EMPRESA ESPECIALIZADA SERV TECNICO HOSPITALAR PARA OS PACIENTES COVID-19<\/a><\/p>\n\n\n\n<p><a href=\"https:\/\/fuabc.org.br\/publicacoes-oficiais\/transparencia-fuabc-secretaria-de-saude-de-santo-andre-c-e-processo-296a-20-contratacao-de-empresa-especializada-em-servicos-de-exames-laboratoriais-para-atendimento-ao\/\">TRANSPAR\u00caNCIA \u2013 FUABC \u2013 SECRETARIA DE SA\u00daDE DE SANTO ANDR\u00c9 C.E \u2013 PROCESSO 296A\/20 \u2013 CONTRATA\u00c7\u00c3O DE EMPRESA ESPECIALIZADA EM SERVI\u00c7OS DE EXAMES LABORATORIAIS PARA ATENDIMENTO AOS PACIENTES COVID-19.<\/a><\/p>\n\n\n\n<p>01\/10\/2020<\/p>\n\n\n\n<p><a href=\"https:\/\/fuabc.org.br\/publicacoes-oficiais\/transparencia-fuabc-secretaria-de-saude-de-santo-andre-c-e-processo-sa0447-20-aquisicao-emergencial-de-luvas-de-procedimento-em-latex\/\">TRANSPAR\u00caNCIA \u2013 FUABC \u2013 SECRETARIA DE SA\u00daDE DE SANTO ANDR\u00c9 C.E. \u2013 PROCESSO SA0447\/20 \u2013 AQUISI\u00c7\u00c3O EMERGENCIAL DE LUVAS DE PROCEDIMENTO EM LATEX.<\/a><\/p>\n\n\n\n<p><a href=\"https:\/\/fuabc.org.br\/publicacoes-oficiais\/transparencia-fuabc-secretaria-de-saude-de-santo-andre-processo-sa0440-20-contratacao-de-empresa-especializada-em-prestacao-de-servicos-de-coleta-e-respectivos\/\">TRANSPAR\u00caNCIA \u2013 FUABC \u2013 SECRETARIA DE SA\u00daDE DE SANTO ANDR\u00c9 \u2013 C.E. \u2013 PROCESSO SA0440\/20 \u2013 CONTRATA\u00c7\u00c3O DE EMPRESA ESPECIALIZADA EM PRESTA\u00c7\u00c3O DE SERVI\u00c7OS DE COLETA E RESPECTIVOS DIAGN\u00d3STICOS VIA TESTE R\u00c1PIDO IGG\/IGM PARA CORONAV\u00cdRUS, VISANDO ATENDER O MUNIC\u00cdPIO DE SANTO ANDR\u00c9.<\/a><\/p>\n\n\n\n<p><a href=\"https:\/\/fuabc.org.br\/publicacoes-oficiais\/transparencia-fuabc-secretaria-de-saude-de-santo-andre-c-e-processo-sa441-20-contratacao-de-empresa-especializada-na-prestacao-de-servico-de-coleta-e-respectivo\/\">TRANSPAR\u00caNCIA \u2013 FUABC \u2013 SECRETARIA DE SA\u00daDE DE SANTO ANDR\u00c9 C.E \u2013 PROCESSO SA441\/20 \u2013 CONTRATA\u00c7\u00c3O DE EMPRESA ESPECIALIZADA NA PRESTA\u00c7\u00c3O DE SERVI\u00c7O DE COLETA E RESPECTIVO DIAGN\u00d3STICOS IGG\/IGM PARA CORONAVIRUS.<\/a><\/p>\n\n\n\n<p><a href=\"https:\/\/fuabc.org.br\/publicacoes-oficiais\/transparencia-fuabc-secretaria-de-saude-de-santo-andre-c-e-processo-sa0442-20-aquisicao-emergencial-de-luvas-de-procedimento-em-latex\/\">TRANSPAR\u00caNCIA \u2013 FUABC \u2013 SECRETARIA DE SA\u00daDE DE SANTO ANDR\u00c9 C.E \u2013 PROCESSO SA0442\/20 \u2013 AQUISI\u00c7\u00c3O EMERGENCIAL DE LUVAS DE PROCEDIMENTO EM LATEX.<\/a><\/p>\n\n\n\n<p><a href=\"https:\/\/fuabc.org.br\/publicacoes-oficiais\/transparencia-fuabc-secretaria-de-saude-de-santo-andre-c-e-processo-225-20-contratacao-de-empresa-especializada-em-gestao-integrada-de-leitos-hospitalares-uti-com-loc\/\">TRANSPAR\u00caNCIA \u2013 FUABC \u2013 SECRETARIA DE SA\u00daDE DE SANTO ANDR\u00c9 C.E \u2013 PROCESSO 225\/20 \u2013 CONTRATA\u00c7\u00c3O DE EMPRESA ESPECIALIZADA EM GEST\u00c3O INTEGRADA DE LEITOS HOSPITALARES (UTI) COM LOCA\u00c7\u00c3O DE EQUIPAMENTOS E MOBILI\u00c1RIOS, DISPONIBILIZA\u00c7\u00c3O DE INSUMOS E ACESS\u00d3RIOS PARA OS PACIENTES COVID-19<\/a><\/p>\n","protected":false},"excerpt":{"rendered":"<p>RECEITAS 22\/09\/2021 RECEITA RECEBIDA PARA ENFRENTAMENTO A COVID-19 \u2013 FUABC \u2013 CENTRAL DE CONV\u00caNIOS \u2013 PREFEITURA DE SANTO ANDR\u00c9 C.E. \u2013 SECRETARIA MUNICIPAL DE SA\u00daDE 26\/04\/2021 RECEITA RECEBIDA PARA ENFRENTAMENTO A COVID-19 \u2013 FUABC \u2013 CENTRAL DE CONV\u00caNIOS \u2013 PREFEITURA DE SANTO ANDR\u00c9 C.E. \u2013 SECRETARIA MUNICIPAL DE SA\u00daDE 28\/01\/2021 RECEITA RECEBIDA PARA ENFRENTAMENTO A COVID-19 \u2013 FUABC \u2013 CENTRAL DE CONV\u00caNIOS \u2013 PREFEITURA DE SANTO ANDR\u00c9 C.E. \u2013 SECRETARIA MUNICIPAL DE SA\u00daDE 30\/12\/2020 RECEITA RECEBIDA PARA ENFRENTAMENTO A COVID-19 \u2013 FUABC \u2013 CENTRAL DE CONV\u00caNIOS \u2013 PREFEITURA DE SANTO ANDR\u00c9 C.E. \u2013 SECRETARIA MUNICIPAL DE SA\u00daDE 11\/12\/2020 RECEITA RECEBIDA PARA ENFRENTAMENTO A COVID-19 \u2013 FUABC \u2013 CENTRAL DE CONV\u00caNIOS \u2013 PREFEITURA DE SANTO ANDR\u00c9 C.E. \u2013 SECRETARIA MUNICIPAL DE SA\u00daDE 03\/12\/2020 RECEITA RECEBIDA PARA ENFRENTAMENTO A COVID-19 \u2013 FUABC \u2013 CENTRAL DE CONV\u00caNIOS \u2013 PREFEITURA DE SANTO ANDR\u00c9 C.E. \u2013 SECRETARIA MUNICIPAL DE SA\u00daDE 26\/11\/2020 RECEITA RECEBIDA PARA ENFRENTAMENTO [&hellip;]<\/p>\n","protected":false},"author":1,"featured_media":0,"parent":0,"menu_order":0,"comment_status":"closed","ping_status":"closed","template":"template-portal.php","meta":{"_acf_changed":false,"footnotes":""},"class_list":["post-5347","page","type-page","status-publish","hentry"],"acf":[],"_links":{"self":[{"href":"https:\/\/fuabc.org.br\/portaldatransparencia\/wp-json\/wp\/v2\/pages\/5347","targetHints":{"allow":["GET"]}}],"collection":[{"href":"https:\/\/fuabc.org.br\/portaldatransparencia\/wp-json\/wp\/v2\/pages"}],"about":[{"href":"https:\/\/fuabc.org.br\/portaldatransparencia\/wp-json\/wp\/v2\/types\/page"}],"author":[{"embeddable":true,"href":"https:\/\/fuabc.org.br\/portaldatransparencia\/wp-json\/wp\/v2\/users\/1"}],"replies":[{"embeddable":true,"href":"https:\/\/fuabc.org.br\/portaldatransparencia\/wp-json\/wp\/v2\/comments?post=5347"}],"version-history":[{"count":33,"href":"https:\/\/fuabc.org.br\/portaldatransparencia\/wp-json\/wp\/v2\/pages\/5347\/revisions"}],"predecessor-version":[{"id":9650,"href":"https:\/\/fuabc.org.br\/portaldatransparencia\/wp-json\/wp\/v2\/pages\/5347\/revisions\/9650"}],"wp:attachment":[{"href":"https:\/\/fuabc.org.br\/portaldatransparencia\/wp-json\/wp\/v2\/media?parent=5347"}],"curies":[{"name":"wp","href":"https:\/\/api.w.org\/{rel}","templated":true}]}}