{"id":6576,"date":"2021-02-01T17:46:35","date_gmt":"2021-02-01T17:46:35","guid":{"rendered":"https:\/\/fuabc.org.br\/portaldatransparencia\/?page_id=6576"},"modified":"2024-02-27T18:56:18","modified_gmt":"2024-02-27T18:56:18","slug":"6576-2","status":"publish","type":"page","link":"https:\/\/fuabc.org.br\/portaldatransparencia\/6576-2\/","title":{"rendered":""},"content":{"rendered":"\n<p class=\"has-medium-font-size\"><em>O balancete deste m\u00eas desta unidade est\u00e1 em fase final de elabora\u00e7\u00e3o e ser\u00e1 disponibilizado em breve.<\/em><\/p>\n\n\n\n<p><\/p>\n","protected":false},"excerpt":{"rendered":"<p>O balancete deste m\u00eas desta unidade est\u00e1 em fase final de elabora\u00e7\u00e3o e ser\u00e1 disponibilizado em breve.<\/p>\n","protected":false},"author":2,"featured_media":0,"parent":0,"menu_order":0,"comment_status":"closed","ping_status":"closed","template":"template-home.php","meta":{"_acf_changed":false,"footnotes":""},"class_list":["post-6576","page","type-page","status-publish","hentry"],"acf":[],"_links":{"self":[{"href":"https:\/\/fuabc.org.br\/portaldatransparencia\/wp-json\/wp\/v2\/pages\/6576","targetHints":{"allow":["GET"]}}],"collection":[{"href":"https:\/\/fuabc.org.br\/portaldatransparencia\/wp-json\/wp\/v2\/pages"}],"about":[{"href":"https:\/\/fuabc.org.br\/portaldatransparencia\/wp-json\/wp\/v2\/types\/page"}],"author":[{"embeddable":true,"href":"https:\/\/fuabc.org.br\/portaldatransparencia\/wp-json\/wp\/v2\/users\/2"}],"replies":[{"embeddable":true,"href":"https:\/\/fuabc.org.br\/portaldatransparencia\/wp-json\/wp\/v2\/comments?post=6576"}],"version-history":[{"count":7,"href":"https:\/\/fuabc.org.br\/portaldatransparencia\/wp-json\/wp\/v2\/pages\/6576\/revisions"}],"predecessor-version":[{"id":19319,"href":"https:\/\/fuabc.org.br\/portaldatransparencia\/wp-json\/wp\/v2\/pages\/6576\/revisions\/19319"}],"wp:attachment":[{"href":"https:\/\/fuabc.org.br\/portaldatransparencia\/wp-json\/wp\/v2\/media?parent=6576"}],"curies":[{"name":"wp","href":"https:\/\/api.w.org\/{rel}","templated":true}]}}