{"id":6850,"date":"2021-02-18T17:16:29","date_gmt":"2021-02-18T17:16:29","guid":{"rendered":"https:\/\/fuabc.org.br\/portaldatransparencia\/?page_id=6850"},"modified":"2022-01-07T19:35:44","modified_gmt":"2022-01-07T19:35:44","slug":"covid-19-33-hospital-ipiranga-uti-triagem","status":"publish","type":"page","link":"https:\/\/fuabc.org.br\/portaldatransparencia\/covid-19-33-hospital-ipiranga-uti-triagem\/","title":{"rendered":"Covid-19 | 33 \u2013 Hospital Ipiranga (UTI\/Triagem) | Contrato Emergencial"},"content":{"rendered":"\n<h2 class=\"wp-block-heading\">Receitas<\/h2>\n\n\n\n<p>07\/01\/2022<\/p>\n\n\n\n<p><a href=\"https:\/\/fuabc.org.br\/publicacoes-oficiais\/receita-recebida-para-enfrentamento-a-covid-19-fuabc-central-de-convenios-hospital-ipiranga-filial-33\/\">RECEITA RECEBIDA PARA ENFRENTAMENTO A COVID-19 \u2013 FUABC \u2013 CENTRAL DE CONV\u00caNIOS \u2013 HOSPITAL IPIRANGA \u2013 FILIAL 33<\/a><\/p>\n\n\n\n<p>04\/08\/2021<\/p>\n\n\n\n<p><a href=\"https:\/\/fuabc.org.br\/publicacoes-oficiais\/receita-recebida-para-enfrentamento-a-covid-19-fuabc-central-de-convenios-hospital-ipiranga-leitos-filial-30\/\">RECEITA RECEBIDA PARA ENFRENTAMENTO A COVID-19 \u2013 FUABC \u2013 CENTRAL DE CONV\u00caNIOS \u2013 HOSPITAL IPIRANGA \u2013 FILIAL 33<\/a><\/p>\n\n\n\n<h2 class=\"wp-block-heading\">Despesas<\/h2>\n\n\n\n<p>03\/08\/2021<\/p>\n\n\n\n<p><a href=\"https:\/\/fuabc.org.br\/publicacoes-oficiais\/transparencia-fuabc-secretaria-de-estado-da-saude-hospital-ipiranga-processo-hi0009-21-contratacao-direta-emergencial-de-empresa-especializada-em-servicos-de-fisioter\/\">TRANSPAR\u00caNCIA \u2013 FUABC \u2013 SECRETARIA DE ESTADO DA SA\u00daDE \u2013 HOSPITAL IPIRANGA \u2013 PROCESSO HI0009\/21 \u2013 CONTRATA\u00c7\u00c3O DIRETA EMERGENCIAL DE EMPRESA ESPECIALIZADA EM SERVI\u00c7OS DE FISIOTERAPIA EM LEITOS DE UTI PARA SUPRIR O HOSPITAL IPIRANGA \u2013 ENFERMARIA.<\/a><\/p>\n\n\n\n<p><a href=\"https:\/\/fuabc.org.br\/publicacoes-oficiais\/transparencia-fuabc-secretaria-de-estado-da-saude-hospital-ipiranga-processo-hi0007-21-contratacao-emergencial-de-empresa-especializada-em-servicos-de-medicos-em-enfe\/\">TRANSPAR\u00caNCIA \u2013 FUABC \u2013 SECRETARIA DE ESTADO DA SA\u00daDE \u2013 HOSPITAL IPIRANGA \u2013 PROCESSO HI0007\/21 \u2013 CONTRATA\u00c7\u00c3O EMERGENCIAL DE EMPRESA ESPECIALIZADA EM SERVI\u00c7OS DE M\u00c9DICOS EM ENFERMARIA PARA SUPRIR O HOSPITAL IPIRANGA.<\/a><\/p>\n\n\n\n<p><a href=\"https:\/\/fuabc.org.br\/publicacoes-oficiais\/transparencia-fuabc-secretaria-de-estado-da-saude-hospital-ipiranga-processo-hi0006-21-contratacao-direta-emergencial-de-empresa-especializada-em-servicos-de-fisioter\/\">TRANSPAR\u00caNCIA \u2013 FUABC \u2013 SECRETARIA DE ESTADO DA SA\u00daDE \u2013 HOSPITAL IPIRANGA \u2013 PROCESSO HI0006\/21 \u2013 CONTRATA\u00c7\u00c3O DIRETA EMERGENCIAL DE EMPRESA ESPECIALIZADA EM SERVI\u00c7OS DE FISIOTERAPIA EM LEITOS DE UTI PARA SUPRIR O HOSPITAL IPIRANGA \u2013 UTI<\/a><\/p>\n\n\n\n<p><a href=\"https:\/\/fuabc.org.br\/publicacoes-oficiais\/transparencia-fuabc-secretaria-de-estado-da-saude-hospital-ipiranga-processo-hi0005-21-contratacao-direta-emergencial-de-empresa-especializada-em-servicos-de-medicos\/\">TRANSPAR\u00caNCIA \u2013 FUABC \u2013 SECRETARIA DE ESTADO DA SA\u00daDE \u2013 HOSPITAL IPIRANGA \u2013 PROCESSO HI0005\/21 \u2013 CONTRATA\u00c7\u00c3O DIRETA EMERGENCIAL DE EMPRESA ESPECIALIZADA EM SERVI\u00c7OS DE M\u00c9DICOS EM LEITOS DE UTI PARA SUPRIR O HOSPITAL IPIRANGA<\/a><\/p>\n\n\n\n<p><a href=\"https:\/\/fuabc.org.br\/publicacoes-oficiais\/transparencia-fuabc-secretaria-de-estado-da-saude-hospital-ipiranga-processo-hi0004-21-contratacao-direta-emergencial-de-empresa-especializada-em-servicos-de-fisioter\/\">TRANSPAR\u00caNCIA \u2013 FUABC \u2013 SECRETARIA DE ESTADO DA SA\u00daDE \u2013 HOSPITAL IPIRANGA \u2013 PROCESSO HI0004\/21 \u2013 CONTRATA\u00c7\u00c3O DIRETA EMERGENCIAL DE EMPRESA ESPECIALIZADA EM SERVI\u00c7OS DE FISIOTERAPIA EM LEITOS DE UTI PARA SUPRIR O HOSPITAL IPIRANGA<\/a><\/p>\n\n\n\n<p><a href=\"https:\/\/fuabc.org.br\/publicacoes-oficiais\/transparencia-fuabc-secretaria-de-estado-da-saude-hospital-ipiranga-processo-hi0002-21-contratacao-direta-emergencial-de-empresa-especializada-em-servicos-de-fisioter\/\">TRANSPAR\u00caNCIA \u2013 FUABC \u2013 SECRETARIA DE ESTADO DA SA\u00daDE \u2013 HOSPITAL IPIRANGA \u2013 PROCESSO HI0002\/21 \u2013 CONTRATA\u00c7\u00c3O DIRETA EMERGENCIAL DE EMPRESA ESPECIALIZADA EM SERVI\u00c7OS DE FISIOTERAPIA EM LEITOS DE UTI PARA SUPRIR O HOSPITAL IPIRANGA.<\/a><\/p>\n\n\n\n<p><a href=\"https:\/\/fuabc.org.br\/publicacoes-oficiais\/transparencia-fuabc-secretaria-de-estado-da-saude-hospital-ipiranga-processo-hi0001-21-contratacao-direta-emergencial-de-empresa-especializada-em-servicos-medicos-em\/\">TRANSPAR\u00caNCIA \u2013 FUABC \u2013 SECRETARIA DE ESTADO DA SA\u00daDE \u2013 HOSPITAL IPIRANGA \u2013 PROCESSO HI0001\/21 \u2013 CONTRATA\u00c7\u00c3O DIRETA EMERGENCIAL DE EMPRESA ESPECIALIZADA EM SERVI\u00c7OS M\u00c9DICOS EM LEITOS DE UTI PARA SUPRIR O HOSPITAL IPIRANGA.<\/a><\/p>\n","protected":false},"excerpt":{"rendered":"<p>Receitas 07\/01\/2022 RECEITA RECEBIDA PARA ENFRENTAMENTO A COVID-19 \u2013 FUABC \u2013 CENTRAL DE CONV\u00caNIOS \u2013 HOSPITAL IPIRANGA \u2013 FILIAL 33 04\/08\/2021 RECEITA RECEBIDA PARA ENFRENTAMENTO A COVID-19 \u2013 FUABC \u2013 CENTRAL DE CONV\u00caNIOS \u2013 HOSPITAL IPIRANGA \u2013 FILIAL 33 Despesas 03\/08\/2021 TRANSPAR\u00caNCIA \u2013 FUABC \u2013 SECRETARIA DE ESTADO DA SA\u00daDE \u2013 HOSPITAL IPIRANGA \u2013 PROCESSO HI0009\/21 \u2013 CONTRATA\u00c7\u00c3O DIRETA EMERGENCIAL DE EMPRESA ESPECIALIZADA EM SERVI\u00c7OS DE FISIOTERAPIA EM LEITOS DE UTI PARA SUPRIR O HOSPITAL IPIRANGA \u2013 ENFERMARIA. TRANSPAR\u00caNCIA \u2013 FUABC \u2013 SECRETARIA DE ESTADO DA SA\u00daDE \u2013 HOSPITAL IPIRANGA \u2013 PROCESSO HI0007\/21 \u2013 CONTRATA\u00c7\u00c3O EMERGENCIAL DE EMPRESA ESPECIALIZADA EM SERVI\u00c7OS DE M\u00c9DICOS EM ENFERMARIA PARA SUPRIR O HOSPITAL IPIRANGA. TRANSPAR\u00caNCIA \u2013 FUABC \u2013 SECRETARIA DE ESTADO DA SA\u00daDE \u2013 HOSPITAL IPIRANGA \u2013 PROCESSO HI0006\/21 \u2013 CONTRATA\u00c7\u00c3O DIRETA EMERGENCIAL DE EMPRESA ESPECIALIZADA EM SERVI\u00c7OS DE FISIOTERAPIA EM LEITOS DE UTI PARA SUPRIR O HOSPITAL IPIRANGA \u2013 UTI TRANSPAR\u00caNCIA \u2013 FUABC [&hellip;]<\/p>\n","protected":false},"author":1,"featured_media":0,"parent":0,"menu_order":0,"comment_status":"closed","ping_status":"closed","template":"template-portal.php","meta":{"_acf_changed":false,"footnotes":""},"class_list":["post-6850","page","type-page","status-publish","hentry"],"acf":[],"_links":{"self":[{"href":"https:\/\/fuabc.org.br\/portaldatransparencia\/wp-json\/wp\/v2\/pages\/6850","targetHints":{"allow":["GET"]}}],"collection":[{"href":"https:\/\/fuabc.org.br\/portaldatransparencia\/wp-json\/wp\/v2\/pages"}],"about":[{"href":"https:\/\/fuabc.org.br\/portaldatransparencia\/wp-json\/wp\/v2\/types\/page"}],"author":[{"embeddable":true,"href":"https:\/\/fuabc.org.br\/portaldatransparencia\/wp-json\/wp\/v2\/users\/1"}],"replies":[{"embeddable":true,"href":"https:\/\/fuabc.org.br\/portaldatransparencia\/wp-json\/wp\/v2\/comments?post=6850"}],"version-history":[{"count":9,"href":"https:\/\/fuabc.org.br\/portaldatransparencia\/wp-json\/wp\/v2\/pages\/6850\/revisions"}],"predecessor-version":[{"id":11090,"href":"https:\/\/fuabc.org.br\/portaldatransparencia\/wp-json\/wp\/v2\/pages\/6850\/revisions\/11090"}],"wp:attachment":[{"href":"https:\/\/fuabc.org.br\/portaldatransparencia\/wp-json\/wp\/v2\/media?parent=6850"}],"curies":[{"name":"wp","href":"https:\/\/api.w.org\/{rel}","templated":true}]}}