{"id":6859,"date":"2021-02-18T17:22:04","date_gmt":"2021-02-18T17:22:04","guid":{"rendered":"https:\/\/fuabc.org.br\/portaldatransparencia\/?page_id=6859"},"modified":"2021-09-22T19:44:07","modified_gmt":"2021-09-22T19:44:07","slug":"covid-19-34-hospital-geral-de-sao-mateus-uti","status":"publish","type":"page","link":"https:\/\/fuabc.org.br\/portaldatransparencia\/covid-19-34-hospital-geral-de-sao-mateus-uti\/","title":{"rendered":"Covid-19 | 34 \u2013 Hospital Geral de S\u00e3o Mateus (UTI) | Contrato Emergencial"},"content":{"rendered":"\n<h2 class=\"wp-block-heading\">Receitas<\/h2>\n\n\n\n<p>22\/09\/2021<\/p>\n\n\n\n<p><a href=\"https:\/\/fuabc.org.br\/publicacoes-oficiais\/receita-recebida-para-enfrentamento-a-covid-19-fuabc-central-de-convenios-hospital-geral-de-sao-mateus-uti-filial-34-2\/\">RECEITA RECEBIDA PARA ENFRENTAMENTO A COVID-19 \u2013 FUABC \u2013 CENTRAL DE CONV\u00caNIOS \u2013 HOSPITAL GERAL DE S\u00c3O MATEUS (UTI) \u2013 FILIAL 34<\/a><\/p>\n\n\n\n<p>04\/08\/2021<\/p>\n\n\n\n<p><a href=\"https:\/\/fuabc.org.br\/publicacoes-oficiais\/receita-recebida-para-enfrentamento-a-covid-19-fuabc-central-de-convenios-hospital-geral-de-sao-mateus-uti-filial-34\/\">RECEITA RECEBIDA PARA ENFRENTAMENTO A COVID-19 \u2013 FUABC \u2013 CENTRAL DE CONV\u00caNIOS \u2013 HOSPITAL GERAL DE S\u00c3O MATEUS (UTI) \u2013 FILIAL 34<\/a><\/p>\n\n\n\n<h2 class=\"wp-block-heading\">Despesas<\/h2>\n\n\n\n<p>03\/08\/2021<\/p>\n\n\n\n<p><a href=\"https:\/\/fuabc.org.br\/publicacoes-oficiais\/transparencia-fuabc-secretaria-de-estado-da-saude-hospital-geral-de-sao-mateus-processo-sm2-0014-21-contratacao-emergencial-de-empresa-especializada-em-servicos-de-he\/\">TRANSPAR\u00caNCIA \u2013 FUABC \u2013 SECRETARIA DE ESTADO DA SA\u00daDE \u2013 HOSPITAL GERAL DE S\u00c3O MATEUS \u2013 PROCESSO SM2 0014\/21 \u2013 CONTRATA\u00c7\u00c3O EMERGENCIAL DE EMPRESA ESPECIALIZADA EM SERVI\u00c7OS DE HEMODI\u00c1LISE A BEIRA DO LEITO PARA SUPRIR O HOSPITAL GERAL S\u00c3O MATEUS.<\/a><\/p>\n\n\n\n<p><a href=\"https:\/\/fuabc.org.br\/publicacoes-oficiais\/transparencia-fuabc-secretaria-de-estado-da-saude-hospital-geral-de-sao-mateus-processo-sm2-0011-21-contratacao-direta-emergencial-de-empresa-especializada-em-servico\/\">TRANSPAR\u00caNCIA \u2013 FUABC \u2013 SECRETARIA DE ESTADO DA SA\u00daDE \u2013 HOSPITAL GERAL DE S\u00c3O MATEUS \u2013 PROCESSO SM2 0011\/21 \u2013 CONTRATA\u00c7\u00c3O DIRETA EMERGENCIAL DE EMPRESA ESPECIALIZADA EM SERVI\u00c7OS DE FISIOTERAPIA EM LEITOS DE UTI PARA SUPRIR O HOSPITAL GERAL DE S\u00c3O MATEUS.<\/a><\/p>\n\n\n\n<p><a href=\"https:\/\/fuabc.org.br\/publicacoes-oficiais\/transparencia-fuabc-secretaria-de-estado-da-saude-hospital-geral-de-sao-mateus-processo-sm2-0010-21-contratacao-direta-emergencial-de-empresa-especializada-em-servico\/\">TRANSPAR\u00caNCIA \u2013 FUABC \u2013 SECRETARIA DE ESTADO DA SA\u00daDE \u2013 HOSPITAL GERAL DE S\u00c3O MATEUS \u2013 PROCESSO SM2 0010\/21 \u2013 CONTRATA\u00c7\u00c3O DIRETA EMERGENCIAL DE EMPRESA ESPECIALIZADA EM SERVI\u00c7OS DE M\u00c9DICOS EM LEITOS DE UTI PARA SUPRIR O HOSPITAL GERAL DE S\u00c3O MATEUS.<\/a><\/p>\n\n\n\n<p><a href=\"https:\/\/fuabc.org.br\/publicacoes-oficiais\/transparencia-fuabc-secretaria-de-estado-da-saude-hospital-geral-de-sao-mateus-processo-sm2-0004-21-contratacao-direta-emergencial-de-empresa-especializada-em-servico\/\">TRANSPAR\u00caNCIA \u2013 FUABC \u2013 SECRETARIA DE ESTADO DA SA\u00daDE \u2013 HOSPITAL GERAL DE S\u00c3O MATEUS \u2013 PROCESSO SM2 0004\/21 \u2013 CONTRATA\u00c7\u00c3O DIRETA EMERGENCIAL DE EMPRESA ESPECIALIZADA EM SERVI\u00c7OS DE FISIOTERAPIA EM LEITOS DE UTI PARA SUPRIR O HOSPITAL GERAL DE S\u00c3O MATEUS.<\/a><\/p>\n\n\n\n<p><a href=\"https:\/\/fuabc.org.br\/publicacoes-oficiais\/transparencia-fuabc-secretaria-de-estado-da-saude-hospital-geral-de-sao-mateus-processo-sm2-0002-21-contratacao-direta-emergencial-de-empresa-especializada-em-servico\/\">TRANSPAR\u00caNCIA \u2013 FUABC \u2013 SECRETARIA DE ESTADO DA SA\u00daDE \u2013 HOSPITAL GERAL DE S\u00c3O MATEUS \u2013 PROCESSO SM2 0002\/21 \u2013 CONTRATA\u00c7\u00c3O DIRETA EMERGENCIAL DE EMPRESA ESPECIALIZADA EM SERVI\u00c7OS DE FISIOTERAPIA EM LEITOS DE UTI PARA SUPRIR O HOSPITAL GERAL DE S\u00c3O MATEUS.<\/a><\/p>\n\n\n\n<p><a href=\"https:\/\/fuabc.org.br\/publicacoes-oficiais\/transparencia-fuabc-secretaria-de-estado-da-saude-hospital-geral-de-sao-mateus-processo-sm2-0001-21-contratacao-direta-emergencial-de-empresa-especializada-em-servico\/\">TRANSPAR\u00caNCIA \u2013 FUABC \u2013 SECRETARIA DE ESTADO DA SA\u00daDE \u2013 HOSPITAL GERAL DE S\u00c3O MATEUS \u2013 PROCESSO SM2 0001\/21 \u2013 CONTRATA\u00c7\u00c3O DIRETA EMERGENCIAL DE EMPRESA ESPECIALIZADA EM SERVI\u00c7OS DE M\u00c9DICOS EM LEITOS DE UTI PARA SUPRIR O HOSPITAL GERAL DE S\u00c3O MATEUS.<\/a><\/p>\n","protected":false},"excerpt":{"rendered":"<p>Receitas 22\/09\/2021 RECEITA RECEBIDA PARA ENFRENTAMENTO A COVID-19 \u2013 FUABC \u2013 CENTRAL DE CONV\u00caNIOS \u2013 HOSPITAL GERAL DE S\u00c3O MATEUS (UTI) \u2013 FILIAL 34 04\/08\/2021 RECEITA RECEBIDA PARA ENFRENTAMENTO A COVID-19 \u2013 FUABC \u2013 CENTRAL DE CONV\u00caNIOS \u2013 HOSPITAL GERAL DE S\u00c3O MATEUS (UTI) \u2013 FILIAL 34 Despesas 03\/08\/2021 TRANSPAR\u00caNCIA \u2013 FUABC \u2013 SECRETARIA DE ESTADO DA SA\u00daDE \u2013 HOSPITAL GERAL DE S\u00c3O MATEUS \u2013 PROCESSO SM2 0014\/21 \u2013 CONTRATA\u00c7\u00c3O EMERGENCIAL DE EMPRESA ESPECIALIZADA EM SERVI\u00c7OS DE HEMODI\u00c1LISE A BEIRA DO LEITO PARA SUPRIR O HOSPITAL GERAL S\u00c3O MATEUS. TRANSPAR\u00caNCIA \u2013 FUABC \u2013 SECRETARIA DE ESTADO DA SA\u00daDE \u2013 HOSPITAL GERAL DE S\u00c3O MATEUS \u2013 PROCESSO SM2 0011\/21 \u2013 CONTRATA\u00c7\u00c3O DIRETA EMERGENCIAL DE EMPRESA ESPECIALIZADA EM SERVI\u00c7OS DE FISIOTERAPIA EM LEITOS DE UTI PARA SUPRIR O HOSPITAL GERAL DE S\u00c3O MATEUS. TRANSPAR\u00caNCIA \u2013 FUABC \u2013 SECRETARIA DE ESTADO DA SA\u00daDE \u2013 HOSPITAL GERAL DE S\u00c3O MATEUS \u2013 PROCESSO SM2 0010\/21 [&hellip;]<\/p>\n","protected":false},"author":1,"featured_media":0,"parent":0,"menu_order":0,"comment_status":"closed","ping_status":"closed","template":"template-portal.php","meta":{"_acf_changed":false,"footnotes":""},"class_list":["post-6859","page","type-page","status-publish","hentry"],"acf":[],"_links":{"self":[{"href":"https:\/\/fuabc.org.br\/portaldatransparencia\/wp-json\/wp\/v2\/pages\/6859","targetHints":{"allow":["GET"]}}],"collection":[{"href":"https:\/\/fuabc.org.br\/portaldatransparencia\/wp-json\/wp\/v2\/pages"}],"about":[{"href":"https:\/\/fuabc.org.br\/portaldatransparencia\/wp-json\/wp\/v2\/types\/page"}],"author":[{"embeddable":true,"href":"https:\/\/fuabc.org.br\/portaldatransparencia\/wp-json\/wp\/v2\/users\/1"}],"replies":[{"embeddable":true,"href":"https:\/\/fuabc.org.br\/portaldatransparencia\/wp-json\/wp\/v2\/comments?post=6859"}],"version-history":[{"count":8,"href":"https:\/\/fuabc.org.br\/portaldatransparencia\/wp-json\/wp\/v2\/pages\/6859\/revisions"}],"predecessor-version":[{"id":9576,"href":"https:\/\/fuabc.org.br\/portaldatransparencia\/wp-json\/wp\/v2\/pages\/6859\/revisions\/9576"}],"wp:attachment":[{"href":"https:\/\/fuabc.org.br\/portaldatransparencia\/wp-json\/wp\/v2\/media?parent=6859"}],"curies":[{"name":"wp","href":"https:\/\/api.w.org\/{rel}","templated":true}]}}