{"id":7,"date":"2019-03-26T11:46:32","date_gmt":"2019-03-26T11:46:32","guid":{"rendered":"https:\/\/fuabc.org.br\/portaldatransparencia\/?page_id=7"},"modified":"2026-03-12T14:17:28","modified_gmt":"2026-03-12T14:17:28","slug":"unidades-da-fundacao-do-abc","status":"publish","type":"page","link":"https:\/\/fuabc.org.br\/portaldatransparencia\/unidades-da-fundacao-do-abc\/","title":{"rendered":"FUABC e Unidades Gerenciadas"},"content":{"rendered":"\n<h3 class=\"wp-block-heading has-small-font-size\" id=\"ame-maua\" style=\"font-style:normal;font-weight:400\"><a href=\"https:\/\/fuabc.org.br\/portaldatransparencia\/ame-maua\/\">AME Mau\u00e1<\/a><\/h3>\n\n\n\n<h3 class=\"wp-block-heading has-small-font-size\" id=\"ame-praia-grande\" style=\"font-style:normal;font-weight:400\"><a href=\"https:\/\/fuabc.org.br\/portaldatransparencia\/ame-praia-grande\/\">AME Praia Grande<\/a><\/h3>\n\n\n\n<h3 class=\"wp-block-heading has-small-font-size\" id=\"ame-santo-andre\" style=\"font-style:normal;font-weight:400\"><a href=\"https:\/\/fuabc.org.br\/portaldatransparencia\/ame-santo-andre\/\">AME Santo Andr\u00e9<\/a><\/h3>\n\n\n\n<h3 class=\"wp-block-heading has-small-font-size\" id=\"ame-itapevi\" style=\"font-style:normal;font-weight:400\"><a href=\"https:\/\/fuabc.org.br\/portaldatransparencia\/26-ame-itapevi-cc\/\">AME Itapevi<\/a><\/h3>\n\n\n\n<h3 class=\"wp-block-heading has-small-font-size\" id=\"ame-santos\" style=\"font-style:normal;font-weight:400\"><a href=\"https:\/\/fuabc.org.br\/portaldatransparencia\/ame-santos\/\">AME Santos<\/a><\/h3>\n\n\n\n<h3 class=\"wp-block-heading has-small-font-size\" id=\"ame-sorocaba\" style=\"font-style:normal;font-weight:400\"><a href=\"https:\/\/fuabc.org.br\/portaldatransparencia\/ame-sorocaba\/\">AME Sorocaba<\/a><\/h3>\n\n\n\n<h3 class=\"wp-block-heading has-small-font-size\" id=\"ame-sorocaba\" style=\"font-style:normal;font-weight:400\"><a href=\"https:\/\/fuabc.org.br\/portaldatransparencia\/ame-aracatuba\/\">AME Ara\u00e7atuba<\/a><\/h3>\n\n\n\n<h3 class=\"wp-block-heading has-small-font-size\" id=\"ame-sorocaba\" style=\"font-style:normal;font-weight:400\"><a href=\"https:\/\/fuabc.org.br\/portaldatransparencia\/ame-itu\/\">AME Itu<\/a><\/h3>\n\n\n\n<h3 class=\"wp-block-heading has-small-font-size\" id=\"ame-sorocaba\" style=\"font-style:normal;font-weight:400\"><a href=\"https:\/\/fuabc.org.br\/portaldatransparencia\/centro-hospitalar-do-sistema-penitenciario\/\">Centro Hospitalar do Sistema Penitenci\u00e1rio<\/a><\/h3>\n\n\n\n<h3 class=\"wp-block-heading has-small-font-size\" id=\"complexo-de-saude-de-maua-hospital-nardini\" style=\"font-style:normal;font-weight:400\"><a href=\"https:\/\/fuabc.org.br\/portaldatransparencia\/complexo-de-saude-de-maua-hospital-nardini\/\">Complexo de Sa\u00fade de Mau\u00e1 | Hospital Nardini<\/a><\/h3>\n\n\n\n<h3 class=\"wp-block-heading has-small-font-size\" id=\"complexo-de-saude-de-sao-bernardo-do-campo\" style=\"font-style:normal;font-weight:400\"><a href=\"https:\/\/fuabc.org.br\/portaldatransparencia\/complexo-de-saude-de-sao-bernardo-do-campo\/\">Complexo de Sa\u00fade de S\u00e3o Bernardo do Campo<\/a><\/h3>\n\n\n\n<h3 class=\"wp-block-heading has-small-font-size\" id=\"complexo-hospitalar-municipal-de-sao-caetano-do-sul\" style=\"font-style:normal;font-weight:400\"><a href=\"https:\/\/fuabc.org.br\/portaldatransparencia\/complexo-hospitalar-municipal-de-sao-caetano-do-sul\/\">Complexo de Sa\u00fade de S\u00e3o Caetano do Sul<\/a><\/h3>\n\n\n\n<h3 class=\"wp-block-heading has-small-font-size\" id=\"contrato-de-gestao-sao-mateus\" style=\"font-style:normal;font-weight:400\"><a href=\"https:\/\/fuabc.org.br\/portaldatransparencia\/contrato-de-gestao-sao-mateus\/\">Contrato de Gest\u00e3o S\u00e3o Mateus<\/a><\/h3>\n\n\n\n<h3 class=\"wp-block-heading has-small-font-size\" id=\"centro-universitario-fmabc-faculdade-de-medicina-do-abc\" style=\"font-style:normal;font-weight:400\"><a href=\"https:\/\/fuabc.org.br\/portaldatransparencia\/faculdade-de-medicina-do-abc\/\">Centro Universit\u00e1rio FMABC &#8211; Faculdade de Medicina do ABC<\/a><\/h3>\n\n\n\n<h3 class=\"wp-block-heading has-small-font-size\" id=\"centro-universitario-fmabc-faculdade-de-medicina-do-abc\" style=\"font-style:normal;font-weight:400\"><a href=\"https:\/\/fuabc.org.br\/portaldatransparencia\/fundacao-do-abc-mantenedora\/\">Funda\u00e7\u00e3o do ABC | Mantenedora<\/a><\/h3>\n\n\n\n<h3 class=\"wp-block-heading has-small-font-size\" id=\"hospital-estadual-mario-covas\" style=\"font-style:normal;font-weight:400\"><a href=\"https:\/\/fuabc.org.br\/portaldatransparencia\/hospital-estadual-mario-covas\/\">Hospital Estadual M\u00e1rio Covas<\/a><\/h3>\n\n\n\n<h3 class=\"wp-block-heading has-small-font-size\" id=\"complexo-hospitalar-municipal-de-sao-bernardo-do-campo-encerrado\" style=\"font-style:normal;font-weight:400\"><a href=\"https:\/\/fuabc.org.br\/portaldatransparencia\/hospital-geral-de-carapicuiba-hgc\/\">Hospital Geral de Carapicu\u00edba \u2013 HGC<\/a><\/h3>\n\n\n\n<p><a href=\"https:\/\/fuabc.org.br\/portaldatransparencia\/hospital-municipal-de-diadema\/\">Hospital Municipal de Diadema<\/a><\/p>\n\n\n\n<h3 class=\"wp-block-heading has-small-font-size\" id=\"instituto-de-infectologia-emilio-ribas-ii-do-guaruja\" style=\"font-style:normal;font-weight:400\"><a href=\"https:\/\/fuabc.org.br\/portaldatransparencia\/instituto-de-infectologia-emilio-ribas-ii-do-guaruja\/\">Instituto de Infectologia Em\u00edlio Ribas II do Guaruj\u00e1<\/a><\/h3>\n\n\n\n<p><a href=\"https:\/\/fuabc.org.br\/portaldatransparencia\/mogi-das-cruzes\/\">Mogi das Cruzes<\/a><\/p>\n\n\n\n<h3 class=\"wp-block-heading has-small-font-size\" id=\"pai-baixada-santista\" style=\"font-style:normal;font-weight:400\"><a href=\"https:\/\/fuabc.org.br\/portaldatransparencia\/pai-baixa-santista\/\">PAI Baixada Santista<\/a><\/h3>\n\n\n\n<h3 class=\"wp-block-heading has-small-font-size\" id=\"rede-de-reabilitacao-lucy-montoro-diadema\" style=\"font-style:normal;font-weight:400\"><a href=\"https:\/\/fuabc.org.br\/portaldatransparencia\/rede-de-reabilitacao-lucy-montoro-diadema\/\">Rede de Reabilita\u00e7\u00e3o Lucy Montoro Diadema<\/a><\/h3>\n\n\n\n<h3 class=\"wp-block-heading has-small-font-size\" id=\"rede-de-reabilitacao-lucy-montoro-diadema\" style=\"font-style:normal;font-weight:400\"><a href=\"https:\/\/fuabc.org.br\/portaldatransparencia\/rede-de-reabilitacao-lucy-montoro-sorocaba\/\">Rede de Reabilita\u00e7\u00e3o Lucy Montoro Sorocaba<\/a><\/h3>\n\n\n\n<h3 class=\"wp-block-heading has-small-font-size\" id=\"complexo-hospitalar-municipal-de-sao-bernardo-do-campo-encerrado\" style=\"font-style:normal;font-weight:400\"><a href=\"https:\/\/fuabc.org.br\/portaldatransparencia\/santo-andre-atencao-hospitalar\/\">Santo Andr\u00e9 | Aten\u00e7\u00e3o Hospitalar<\/a><\/h3>\n\n\n\n<h3 class=\"wp-block-heading has-small-font-size\" id=\"complexo-hospitalar-municipal-de-sao-bernardo-do-campo-encerrado\" style=\"font-style:normal;font-weight:400\"><a href=\"https:\/\/fuabc.org.br\/portaldatransparencia\/santo-andre-atencao-basica\/\">Santo Andr\u00e9 | Aten\u00e7\u00e3o B\u00e1sica<\/a><\/h3>\n\n\n\n<h3 class=\"wp-block-heading has-small-font-size\" id=\"complexo-hospitalar-municipal-de-sao-bernardo-do-campo-encerrado\" style=\"font-style:normal;font-weight:400\"><a href=\"https:\/\/fuabc.org.br\/portaldatransparencia\/complexo-hospitalar-municipal-de-sao-bernardo-do-campo\/\">Complexo Hospitalar Municipal de SBC<\/a> (encerrado)<\/h3>\n\n\n\n<h3 class=\"wp-block-heading has-small-font-size\" id=\"hospital-estadual-metropolitano-santa-ceciliah\" style=\"font-style:normal;font-weight:400\"><a href=\"https:\/\/fuabc.org.br\/portaldatransparencia\/hospital-estadual-metropolitano-santa-cecilia\/\">Hospital Estadual Metropolitano Santa Cec\u00edlia<\/a> (encerrado)<\/h3>\n\n\n\n<h3 class=\"wp-block-heading has-small-font-size\" id=\"hospital-da-mulher-de-santo-andre\" style=\"font-style:normal;font-weight:400\"><a href=\"https:\/\/fuabc.org.br\/portaldatransparencia\/hospital-da-mulher-de-santo-andre\/\">Hospital da Mulher de Santo Andr\u00e9<\/a> (encerrado)<\/h3>\n\n\n\n<h3 class=\"wp-block-heading\"><br><\/h3>\n\n\n\n<hr class=\"wp-block-separator has-css-opacity\"\/>\n\n\n\n<div style=\"height:31px\" aria-hidden=\"true\" class=\"wp-block-spacer\"><\/div>\n\n\n\n<h2 class=\"wp-block-heading\" id=\"central-de-convenios\" style=\"font-size:26px\">Unidade de Apoio Administrativo FUABC<\/h2>\n\n\n\n<div style=\"height:12px\" aria-hidden=\"true\" class=\"wp-block-spacer\"><\/div>\n\n\n\n<p><a href=\"https:\/\/fuabc.org.br\/portaldatransparencia\/10-administracao-cc\">Administra\u00e7\u00e3o<\/a><\/p>\n\n\n\n<p><a href=\"https:\/\/fuabc.org.br\/portaldatransparencia\/santo-andre\/\">Santo Andr\u00e9<\/a><\/p>\n\n\n\n<p><a href=\"https:\/\/fuabc.org.br\/portaldatransparencia\/sao-bernardo-do-campo\/\">S\u00e3o Bernardo do Campo<\/a><\/p>\n\n\n\n<p><a href=\"https:\/\/fuabc.org.br\/portaldatransparencia\/13-sao-caetano-do-sul-cc\/\">S\u00e3o Caetano do Sul<\/a><\/p>\n\n\n\n<p><a href=\"https:\/\/fuabc.org.br\/portaldatransparencia\/itatiba\/\">Itatiba<\/a><\/p>\n\n\n\n<p><a href=\"https:\/\/fuabc.org.br\/portaldatransparencia\/upa-central-de-santos\/\">UPA Central de Santos<\/a>&nbsp;(encerrado)<\/p>\n\n\n\n<p><a href=\"https:\/\/fuabc.org.br\/portaldatransparencia\/guarulhos\/\">Guarulhos<\/a> (encerrado)<\/p>\n\n\n\n<div style=\"height:31px\" aria-hidden=\"true\" class=\"wp-block-spacer\"><\/div>\n\n\n\n<hr class=\"wp-block-separator has-css-opacity\"\/>\n\n\n\n<div style=\"height:31px\" aria-hidden=\"true\" class=\"wp-block-spacer\"><\/div>\n\n\n\n<h2 class=\"wp-block-heading\" id=\"contratos-emergenciais-covid-19\" style=\"font-size:26px\">Termos de Conv\u00eanio \/ Contratos Emergenciais <\/h2>\n\n\n\n<div style=\"height:12px\" aria-hidden=\"true\" class=\"wp-block-spacer\"><\/div>\n\n\n\n<p><a href=\"https:\/\/fuabc.org.br\/portaldatransparencia\/hospital-ipiranga\/\">Hospital Ipiranga<\/a><\/p>\n\n\n\n<p><a href=\"https:\/\/fuabc.org.br\/portaldatransparencia\/hospital-sao-mateus\/\">Hospital Geral de S\u00e3o Mateus<\/a><\/p>\n\n\n\n<p><a href=\"https:\/\/fuabc.org.br\/portaldatransparencia\/conjunto-hospitalar-do-mandaqui\/\">Conjunto Hospitalar do Mandaqui<\/a><\/p>\n\n\n\n<p><a href=\"https:\/\/fuabc.org.br\/portaldatransparencia\/hospital-geral-jesus-teixeira-da-costa-guaianases\/\">Hospital Geral de Guaianases Jesus Teixeira da Costa<\/a><\/p>\n\n\n\n<p><a href=\"https:\/\/fuabc.org.br\/portaldatransparencia\/hospital-regional-de-ferraz-de-vasconcelos\/\">Hospital Regional de Ferraz de Vasconcelos<\/a><\/p>\n\n\n\n<p><a href=\"https:\/\/fuabc.org.br\/portaldatransparencia\/hospital-infantil-candido-fontoura\/\">Hospital Infantil C\u00e2ndido Fontoura<\/a><\/p>\n\n\n\n<p><a href=\"https:\/\/fuabc.org.br\/portaldatransparencia\/hospital-estadual-de-mirandopolis\/\">Hospital Estadual de Mirand\u00f3polis<\/a><\/p>\n\n\n\n<p><a href=\"https:\/\/fuabc.org.br\/portaldatransparencia\/hospital-guilherme-alvaro-santos\/\">Hospital Guilherme \u00c1lvaro \u2013 Santos<\/a><\/p>\n\n\n\n<p><a href=\"https:\/\/fuabc.org.br\/portaldatransparencia\/hospital-heliopolis\/\">Hospital Heli\u00f3polis<\/a> (encerrado)<\/p>\n\n\n\n<p><a href=\"https:\/\/fuabc.org.br\/portaldatransparencia\/63-hospital-geral-de-vila-nova-cachoeirinha\/\">Hospital Geral de Vila Nova Cachoeirinha<\/a><\/p>\n\n\n\n<p><a href=\"https:\/\/fuabc.org.br\/portaldatransparencia\/64-centro-de-reabilitacao-de-casa-branca\/\">Centro de Reabilita\u00e7\u00e3o de Casa Branca<\/a><\/p>\n\n\n\n<p><a href=\"https:\/\/fuabc.org.br\/portaldatransparencia\/65-hospital-dr-francisco-ribeiro-arantes\/\">Hospital Dr. Francisco Ribeiro Arantes<\/a><\/p>\n\n\n\n<p><a href=\"https:\/\/fuabc.org.br\/portaldatransparencia\/69-hospital-geral-de-promissao\/\">Hospital Geral de Promiss\u00e3o<\/a><\/p>\n\n\n\n<p><\/p>\n","protected":false},"excerpt":{"rendered":"<p>AME Mau\u00e1 AME Praia Grande AME Santo Andr\u00e9 AME Itapevi AME Santos AME Sorocaba AME Ara\u00e7atuba AME Itu Centro Hospitalar do Sistema Penitenci\u00e1rio Complexo de Sa\u00fade de Mau\u00e1 | Hospital Nardini Complexo de Sa\u00fade de S\u00e3o Bernardo do Campo Complexo de Sa\u00fade de S\u00e3o Caetano do Sul Contrato de Gest\u00e3o S\u00e3o Mateus Centro Universit\u00e1rio FMABC &#8211; Faculdade de Medicina do ABC Funda\u00e7\u00e3o do ABC | Mantenedora Hospital Estadual M\u00e1rio Covas Hospital Geral de Carapicu\u00edba \u2013 HGC Hospital Municipal de Diadema Instituto de Infectologia Em\u00edlio Ribas II do Guaruj\u00e1 Mogi das Cruzes PAI Baixada Santista Rede de Reabilita\u00e7\u00e3o Lucy Montoro Diadema Rede de Reabilita\u00e7\u00e3o Lucy Montoro Sorocaba Santo Andr\u00e9 | Aten\u00e7\u00e3o Hospitalar Santo Andr\u00e9 | Aten\u00e7\u00e3o B\u00e1sica Complexo Hospitalar Municipal de SBC (encerrado) Hospital Estadual Metropolitano Santa Cec\u00edlia (encerrado) Hospital da Mulher de Santo Andr\u00e9 (encerrado) Unidade de Apoio Administrativo FUABC Administra\u00e7\u00e3o Santo Andr\u00e9 S\u00e3o Bernardo do Campo S\u00e3o Caetano do [&hellip;]<\/p>\n","protected":false},"author":1,"featured_media":0,"parent":0,"menu_order":0,"comment_status":"closed","ping_status":"closed","template":"template-home.php","meta":{"_acf_changed":false,"footnotes":""},"class_list":["post-7","page","type-page","status-publish","hentry"],"acf":[],"_links":{"self":[{"href":"https:\/\/fuabc.org.br\/portaldatransparencia\/wp-json\/wp\/v2\/pages\/7","targetHints":{"allow":["GET"]}}],"collection":[{"href":"https:\/\/fuabc.org.br\/portaldatransparencia\/wp-json\/wp\/v2\/pages"}],"about":[{"href":"https:\/\/fuabc.org.br\/portaldatransparencia\/wp-json\/wp\/v2\/types\/page"}],"author":[{"embeddable":true,"href":"https:\/\/fuabc.org.br\/portaldatransparencia\/wp-json\/wp\/v2\/users\/1"}],"replies":[{"embeddable":true,"href":"https:\/\/fuabc.org.br\/portaldatransparencia\/wp-json\/wp\/v2\/comments?post=7"}],"version-history":[{"count":89,"href":"https:\/\/fuabc.org.br\/portaldatransparencia\/wp-json\/wp\/v2\/pages\/7\/revisions"}],"predecessor-version":[{"id":29486,"href":"https:\/\/fuabc.org.br\/portaldatransparencia\/wp-json\/wp\/v2\/pages\/7\/revisions\/29486"}],"wp:attachment":[{"href":"https:\/\/fuabc.org.br\/portaldatransparencia\/wp-json\/wp\/v2\/media?parent=7"}],"curies":[{"name":"wp","href":"https:\/\/api.w.org\/{rel}","templated":true}]}}