{"id":8354,"date":"2021-06-28T19:37:40","date_gmt":"2021-06-28T19:37:40","guid":{"rendered":"https:\/\/fuabc.org.br\/portaldatransparencia\/?page_id=8354"},"modified":"2021-08-03T17:12:57","modified_gmt":"2021-08-03T17:12:57","slug":"acessibilidade","status":"publish","type":"page","link":"https:\/\/fuabc.org.br\/portaldatransparencia\/acessibilidade\/","title":{"rendered":"ACESSIBILIDADE"},"content":{"rendered":"\n<p>A Funda\u00e7\u00e3o do ABC busca aperfei\u00e7oar permanentemente em seu portal na internet as ferramentas de acessibilidade, a fim de oferecer conte\u00fados a todas as pessoas. Entre as op\u00e7\u00f5es dispon\u00edveis est\u00e3o aumento\/diminui\u00e7\u00e3o de textos, apar\u00eancia em escala de cinza, autocontraste, ferramenta de negativo, destaque para links sublinhados e dados sobre configura\u00e7\u00f5es relacionadas aos principais navegadores.<\/p>\n\n\n\n<p>Adicionalmente, desde junho de 2021 est\u00e1 dispon\u00edvel o VLibras, uma ferramenta nova de acessibilidade, com objetivo de melhorar as funcionalidades para pessoas com defici\u00eancias auditivas.<\/p>\n\n\n\n<div style=\"height:23px\" aria-hidden=\"true\" class=\"wp-block-spacer\"><\/div>\n\n\n\n<p><strong>BOT\u00d5ES LATERAIS<\/strong><\/p>\n\n\n\n<p>A barra de acessibilidade na lateral direita do portal cont\u00e9m os bot\u00f5es de varia\u00e7\u00e3o de fonte (para aumentar, diminuir e voltar as fontes ao tamanho padr\u00e3o do portal); o bot\u00e3o de apar\u00eancia em escala de cinzas; autocontraste; ferramenta de negativo; destaque para links sublinhados; e dados sobre configura\u00e7\u00f5es relacionadas aos principais navegadores.<\/p>\n\n\n\n<div style=\"height:23px\" aria-hidden=\"true\" class=\"wp-block-spacer\"><\/div>\n\n\n\n<p><strong>AUMENTAR FONTE<\/strong><\/p>\n\n\n\n<p>Ao clicar no \u00edcone, automaticamente a fonte ser\u00e1 alterada, aumentando de tamanho conforme a necessidade.<\/p>\n\n\n\n<div style=\"height:23px\" aria-hidden=\"true\" class=\"wp-block-spacer\"><\/div>\n\n\n\n<p><strong>DIMINUIR FONTE<\/strong><\/p>\n\n\n\n<p>Ao clicar no \u00edcone, automaticamente a fonte ser\u00e1 alterada, diminuindo de tamanho conforme a necessidade.<\/p>\n\n\n\n<div style=\"height:23px\" aria-hidden=\"true\" class=\"wp-block-spacer\"><\/div>\n\n\n\n<p><strong>AUTOCONTRASTE<\/strong><\/p>\n\n\n\n<p>Ao clicar no \u00edcone, o esquema de cores dos textos e o fundo da tela s\u00e3o alterados para branco e preto, maximizando o contraste para melhor leitura.<\/p>\n\n\n\n<div style=\"height:23px\" aria-hidden=\"true\" class=\"wp-block-spacer\"><\/div>\n\n\n\n<p><strong>NEGATIVO<\/strong><\/p>\n\n\n\n<p>A ferramenta de negativo for\u00e7a o fundo preto, a fim de otimizar a leitura dos textos.<\/p>\n\n\n\n<div style=\"height:23px\" aria-hidden=\"true\" class=\"wp-block-spacer\"><\/div>\n\n\n\n<p><strong>TONS DE CINZA<\/strong><\/p>\n\n\n\n<p>Essa funcionalidade elimina todas as cores da tela, mantendo tanto textos quanto imagens somente em tons de cinza.<\/p>\n\n\n\n<div style=\"height:23px\" aria-hidden=\"true\" class=\"wp-block-spacer\"><\/div>\n\n\n\n<p><strong>LINKS SUBLINHADOS<\/strong><\/p>\n\n\n\n<p>Ao acionar esta ferramenta, todas as palavras marcadas com hyperlink s\u00e3o destacadas, facilitando a visualiza\u00e7\u00e3o e a melhor navega\u00e7\u00e3o.<\/p>\n\n\n\n<div style=\"height:23px\" aria-hidden=\"true\" class=\"wp-block-spacer\"><\/div>\n\n\n\n<p><strong>ACESSIBILIDADE EM LIBRAS<\/strong><\/p>\n\n\n\n<p>O conte\u00fado deste portal est\u00e1 acess\u00edvel em Libras, por meio da ferramenta VLibras \u2013 um tradutor autom\u00e1tico da L\u00edngua Portuguesa para a L\u00edngua Brasileira de Sinais. O VLibras re\u00fane um conjunto de ferramentas gratuitas e de c\u00f3digo aberto, que traduz conte\u00fados digitais para Libras, tornando computadores, celulares e plataformas Web mais acess\u00edveis para as pessoas surdas. O VLibras \u00e9 o resultado de uma parceria entre o Minist\u00e9rio da Economia (ME), por meio da Secretaria de Governo Digital (SGD), e a Universidade Federal da Para\u00edba (UFPB), atrav\u00e9s do Laborat\u00f3rio de Aplica\u00e7\u00f5es de V\u00eddeo Digital (LAVID).<\/p>\n","protected":false},"excerpt":{"rendered":"<p>A Funda\u00e7\u00e3o do ABC busca aperfei\u00e7oar permanentemente em seu portal na internet as ferramentas de acessibilidade, a fim de oferecer conte\u00fados a todas as pessoas. Entre as op\u00e7\u00f5es dispon\u00edveis est\u00e3o aumento\/diminui\u00e7\u00e3o de textos, apar\u00eancia em escala de cinza, autocontraste, ferramenta de negativo, destaque para links sublinhados e dados sobre configura\u00e7\u00f5es relacionadas aos principais navegadores. Adicionalmente, desde junho de 2021 est\u00e1 dispon\u00edvel o VLibras, uma ferramenta nova de acessibilidade, com objetivo de melhorar as funcionalidades para pessoas com defici\u00eancias auditivas. BOT\u00d5ES LATERAIS A barra de acessibilidade na lateral direita do portal cont\u00e9m os bot\u00f5es de varia\u00e7\u00e3o de fonte (para aumentar, diminuir e voltar as fontes ao tamanho padr\u00e3o do portal); o bot\u00e3o de apar\u00eancia em escala de cinzas; autocontraste; ferramenta de negativo; destaque para links sublinhados; e dados sobre configura\u00e7\u00f5es relacionadas aos principais navegadores. AUMENTAR FONTE Ao clicar no \u00edcone, automaticamente a fonte ser\u00e1 alterada, aumentando de tamanho conforme a necessidade. [&hellip;]<\/p>\n","protected":false},"author":1,"featured_media":0,"parent":0,"menu_order":0,"comment_status":"closed","ping_status":"closed","template":"template-home.php","meta":{"_acf_changed":false,"footnotes":""},"class_list":["post-8354","page","type-page","status-publish","hentry"],"acf":[],"_links":{"self":[{"href":"https:\/\/fuabc.org.br\/portaldatransparencia\/wp-json\/wp\/v2\/pages\/8354","targetHints":{"allow":["GET"]}}],"collection":[{"href":"https:\/\/fuabc.org.br\/portaldatransparencia\/wp-json\/wp\/v2\/pages"}],"about":[{"href":"https:\/\/fuabc.org.br\/portaldatransparencia\/wp-json\/wp\/v2\/types\/page"}],"author":[{"embeddable":true,"href":"https:\/\/fuabc.org.br\/portaldatransparencia\/wp-json\/wp\/v2\/users\/1"}],"replies":[{"embeddable":true,"href":"https:\/\/fuabc.org.br\/portaldatransparencia\/wp-json\/wp\/v2\/comments?post=8354"}],"version-history":[{"count":2,"href":"https:\/\/fuabc.org.br\/portaldatransparencia\/wp-json\/wp\/v2\/pages\/8354\/revisions"}],"predecessor-version":[{"id":8360,"href":"https:\/\/fuabc.org.br\/portaldatransparencia\/wp-json\/wp\/v2\/pages\/8354\/revisions\/8360"}],"wp:attachment":[{"href":"https:\/\/fuabc.org.br\/portaldatransparencia\/wp-json\/wp\/v2\/media?parent=8354"}],"curies":[{"name":"wp","href":"https:\/\/api.w.org\/{rel}","templated":true}]}}