{"id":9607,"date":"2021-09-23T17:36:17","date_gmt":"2021-09-23T17:36:17","guid":{"rendered":"https:\/\/fuabc.org.br\/portaldatransparencia\/?page_id=9607"},"modified":"2026-02-13T17:56:07","modified_gmt":"2026-02-13T17:56:07","slug":"hospital-ipiranga","status":"publish","type":"page","link":"https:\/\/fuabc.org.br\/portaldatransparencia\/hospital-ipiranga\/","title":{"rendered":"Hospital Ipiranga"},"content":{"rendered":"\n<p><a href=\"https:\/\/fuabc.org.br\/portaldatransparencia\/61-hospital-ipiranga-10leitosuti\/\">(61) \u2013 Hospital Ipiranga \u2013 10 leitos de UTI (encerrado em 31\/10\/2025) <\/a><\/p>\n\n\n\n<p><a href=\"https:\/\/fuabc.org.br\/portaldatransparencia\/47-hospital-ipiranga-ps\/\">(47) Hospital Ipiranga &#8211; Servi\u00e7o de Urg\u00eancia e Emerg\u00eancia &#8211; UGA II (encerrado em 31\/10\/2025)<\/a><\/p>\n\n\n\n<p><a href=\"https:\/\/fuabc.org.br\/portaldatransparencia\/40-hospital-ipiranga-endoscopia\/\">(40) Hospital Ipiranga \u2013 Endoscopia (encerrado em 31\/10\/2025)<\/a><\/p>\n\n\n\n<p><a href=\"https:\/\/fuabc.org.br\/portaldatransparencia\/33-hospital-ipiranga-uti-triagem-contrato-emergencial-covid-19\/\">(33) Hospital Ipiranga (UTI\/Triagem) | Contrato Emergencial COVID-19 (encerrado em 31\/08\/2021)<\/a><\/p>\n\n\n\n<p><a href=\"https:\/\/fuabc.org.br\/portaldatransparencia\/hospital-ipiranga-leitos-contrato-emergencial-covid-19\/\">(28) Hospital Ipiranga (UTI\/Enfermaria\/Triagem) | Contrato Emergencial COVID-19 (encerrado em 21\/10\/2020)<\/a><\/p>\n","protected":false},"excerpt":{"rendered":"<p>(61) \u2013 Hospital Ipiranga \u2013 10 leitos de UTI (encerrado em 31\/10\/2025) (47) Hospital Ipiranga &#8211; Servi\u00e7o de Urg\u00eancia e Emerg\u00eancia &#8211; UGA II (encerrado em 31\/10\/2025) (40) Hospital Ipiranga \u2013 Endoscopia (encerrado em 31\/10\/2025) (33) Hospital Ipiranga (UTI\/Triagem) | Contrato Emergencial COVID-19 (encerrado em 31\/08\/2021) (28) Hospital Ipiranga (UTI\/Enfermaria\/Triagem) | Contrato Emergencial COVID-19 (encerrado em 21\/10\/2020)<\/p>\n","protected":false},"author":1,"featured_media":0,"parent":0,"menu_order":0,"comment_status":"closed","ping_status":"closed","template":"template-portal.php","meta":{"_acf_changed":false,"footnotes":""},"class_list":["post-9607","page","type-page","status-publish","hentry"],"acf":[],"_links":{"self":[{"href":"https:\/\/fuabc.org.br\/portaldatransparencia\/wp-json\/wp\/v2\/pages\/9607","targetHints":{"allow":["GET"]}}],"collection":[{"href":"https:\/\/fuabc.org.br\/portaldatransparencia\/wp-json\/wp\/v2\/pages"}],"about":[{"href":"https:\/\/fuabc.org.br\/portaldatransparencia\/wp-json\/wp\/v2\/types\/page"}],"author":[{"embeddable":true,"href":"https:\/\/fuabc.org.br\/portaldatransparencia\/wp-json\/wp\/v2\/users\/1"}],"replies":[{"embeddable":true,"href":"https:\/\/fuabc.org.br\/portaldatransparencia\/wp-json\/wp\/v2\/comments?post=9607"}],"version-history":[{"count":12,"href":"https:\/\/fuabc.org.br\/portaldatransparencia\/wp-json\/wp\/v2\/pages\/9607\/revisions"}],"predecessor-version":[{"id":28992,"href":"https:\/\/fuabc.org.br\/portaldatransparencia\/wp-json\/wp\/v2\/pages\/9607\/revisions\/28992"}],"wp:attachment":[{"href":"https:\/\/fuabc.org.br\/portaldatransparencia\/wp-json\/wp\/v2\/media?parent=9607"}],"curies":[{"name":"wp","href":"https:\/\/api.w.org\/{rel}","templated":true}]}}